Last updated on 2025-04-29 08:51:52 CEST.
Flavor | Version | Tinstall | Tcheck | Ttotal | Status | Flags |
---|---|---|---|---|---|---|
r-devel-linux-x86_64-debian-clang | 2.0.8 | 10.55 | 67.09 | 77.64 | OK | |
r-devel-linux-x86_64-debian-gcc | 2.0.8 | 9.11 | 51.01 | 60.12 | NOTE | |
r-devel-linux-x86_64-fedora-clang | 2.0.8 | 126.96 | OK | |||
r-devel-linux-x86_64-fedora-gcc | 2.0.8 | 125.46 | OK | |||
r-devel-windows-x86_64 | 2.0.8 | 16.00 | 99.00 | 115.00 | OK | |
r-patched-linux-x86_64 | 2.0.8 | 12.27 | 68.80 | 81.07 | OK | |
r-release-linux-x86_64 | 2.0.8 | 13.42 | 69.44 | 82.86 | OK | |
r-release-macos-arm64 | 2.0.8 | 47.00 | OK | |||
r-release-macos-x86_64 | 2.0.8 | 82.00 | OK | |||
r-release-windows-x86_64 | 2.0.8 | 18.00 | 98.00 | 116.00 | OK | |
r-oldrel-macos-arm64 | 2.0.8 | 47.00 | OK | |||
r-oldrel-macos-x86_64 | 2.0.8 | 76.00 | OK | |||
r-oldrel-windows-x86_64 | 2.0.8 | 20.00 | 123.00 | 143.00 | OK |
Version: 2.0.8
Check: examples
Result: NOTE
Examples with CPU (user + system) or elapsed time > 5s
user system elapsed
APIS_2n 1.255 0.250 11.301
APIS_3n 0.763 0.082 10.359
Flavor: r-devel-linux-x86_64-debian-gcc