Last updated on 2025-04-29 08:51:51 CEST.
Flavor | Version | Tinstall | Tcheck | Ttotal | Status | Flags |
---|---|---|---|---|---|---|
r-devel-linux-x86_64-debian-clang | 0.1.3 | 8.65 | 85.13 | 93.78 | OK | |
r-devel-linux-x86_64-debian-gcc | 0.1.3 | 5.88 | 67.98 | 73.86 | NOTE | |
r-devel-linux-x86_64-fedora-clang | 0.1.3 | 147.10 | OK | |||
r-devel-linux-x86_64-fedora-gcc | 0.1.3 | 158.47 | OK | |||
r-devel-windows-x86_64 | 0.1.3 | 9.00 | 99.00 | 108.00 | OK | |
r-patched-linux-x86_64 | 0.1.3 | 7.80 | 86.32 | 94.12 | OK | |
r-release-linux-x86_64 | 0.1.3 | 6.56 | 85.21 | 91.77 | OK | |
r-release-macos-arm64 | 0.1.3 | 62.00 | OK | |||
r-release-macos-x86_64 | 0.1.3 | 106.00 | OK | |||
r-release-windows-x86_64 | 0.1.3 | 9.00 | 101.00 | 110.00 | OK | |
r-oldrel-macos-arm64 | 0.1.3 | 52.00 | OK | |||
r-oldrel-macos-x86_64 | 0.1.3 | 76.00 | OK | |||
r-oldrel-windows-x86_64 | 0.1.3 | 10.00 | 117.00 | 127.00 | OK |
Version: 0.1.3
Check: CRAN incoming feasibility
Result: NOTE
Maintainer: ‘Simon Zimmermann <zimmersi@hu-berlin.de>’
No Authors@R field in DESCRIPTION.
Please add one, modifying
Authors@R: person(given = "Simon",
family = "Zimmermann",
role = c("aut", "cre"),
email = "zimmersi@hu-berlin.de")
as necessary.
Flavor: r-devel-linux-x86_64-debian-gcc
Version: 0.1.3
Check: examples
Result: NOTE
Examples with CPU (user + system) or elapsed time > 5s
user system elapsed
anchor_prediction_gam 7.805 0.054 8.843
anchor_regression_gam 7.529 0.063 8.791
Flavor: r-devel-linux-x86_64-debian-gcc