Last updated on 2025-04-29 08:51:52 CEST.
Flavor | Version | Tinstall | Tcheck | Ttotal | Status | Flags |
---|---|---|---|---|---|---|
r-devel-linux-x86_64-debian-clang | 1.0.3 | 85.12 | 220.97 | 306.09 | OK | |
r-devel-linux-x86_64-debian-gcc | 1.0.3 | 56.79 | 154.00 | 210.79 | NOTE | |
r-devel-linux-x86_64-fedora-clang | 1.0.3 | 486.00 | OK | |||
r-devel-linux-x86_64-fedora-gcc | 1.0.3 | 520.69 | OK | |||
r-devel-windows-x86_64 | 1.0.3 | 81.00 | 238.00 | 319.00 | OK | |
r-patched-linux-x86_64 | 1.0.3 | 76.13 | 215.27 | 291.40 | OK | |
r-release-linux-x86_64 | 1.0.3 | 74.96 | 215.04 | 290.00 | OK | |
r-release-macos-arm64 | 1.0.3 | 5.00 | ERROR | |||
r-release-macos-x86_64 | 1.0.3 | 6.00 | ERROR | |||
r-release-windows-x86_64 | 1.0.3 | 83.00 | 244.00 | 327.00 | OK | |
r-oldrel-macos-arm64 | 1.0.3 | 10.00 | ERROR | |||
r-oldrel-macos-x86_64 | 1.0.3 | 13.00 | ERROR | |||
r-oldrel-windows-x86_64 | 1.0.3 | 95.00 | 318.00 | 413.00 | NOTE |
Version: 1.0.3
Check: examples
Result: NOTE
Examples with CPU (user + system) or elapsed time > 5s
user system elapsed
BayesT 4.633 0.075 6.002
plot.BCC 4.295 0.136 5.315
Flavor: r-devel-linux-x86_64-debian-gcc
Version: 1.0.3
Check: package dependencies
Result: ERROR
Package required but not available: ‘mixAK’
See section ‘The DESCRIPTION file’ in the ‘Writing R Extensions’
manual.
Flavors: r-release-macos-arm64, r-release-macos-x86_64, r-oldrel-macos-arm64, r-oldrel-macos-x86_64
Version: 1.0.3
Check: installed package size
Result: NOTE
installed size is 5.9Mb
sub-directories of 1Mb or more:
data 3.3Mb
doc 1.2Mb
libs 1.4Mb
Flavor: r-oldrel-windows-x86_64