CRAN Package Check Results for Package BallMapper

Last updated on 2025-04-29 08:51:52 CEST.

Flavor Version Tinstall Tcheck Ttotal Status Flags
r-devel-linux-x86_64-debian-clang 0.2.0 4.84 28.17 33.01 OK
r-devel-linux-x86_64-debian-gcc 0.2.0 4.28 20.68 24.96 NOTE
r-devel-linux-x86_64-fedora-clang 0.2.0 60.25 NOTE
r-devel-linux-x86_64-fedora-gcc 0.2.0 55.53 NOTE
r-devel-windows-x86_64 0.2.0 8.00 49.00 57.00 OK
r-patched-linux-x86_64 0.2.0 6.62 27.85 34.47 OK
r-release-linux-x86_64 0.2.0 5.49 26.89 32.38 OK
r-release-macos-arm64 0.2.0 21.00 OK
r-release-macos-x86_64 0.2.0 38.00 OK
r-release-windows-x86_64 0.2.0 9.00 57.00 66.00 OK
r-oldrel-macos-arm64 0.2.0 21.00 NOTE
r-oldrel-macos-x86_64 0.2.0 35.00 NOTE
r-oldrel-windows-x86_64 0.2.0 10.00 61.00 71.00 NOTE

Check Details

Version: 0.2.0
Check: CRAN incoming feasibility
Result: NOTE Maintainer: ‘Pawel Dlotko <pdlotko@gmail.com>’ The Description field contains topological data analysis" by Pawel Dlotko, (2019) <arXiv:1901.07410>. Please refer to arXiv e-prints via their arXiv DOI <doi:10.48550/arXiv.YYMM.NNNNN>. Flavor: r-devel-linux-x86_64-debian-gcc

Version: 0.2.0
Check: dependencies in R code
Result: NOTE Namespace in Imports field not imported from: ‘testthat’ All declared Imports should be used. Flavors: r-devel-linux-x86_64-fedora-clang, r-devel-linux-x86_64-fedora-gcc

Version: 0.2.0
Check: LazyData
Result: NOTE 'LazyData' is specified without a 'data' directory Flavors: r-oldrel-macos-arm64, r-oldrel-macos-x86_64, r-oldrel-windows-x86_64