CRAN Package Check Results for Package CPP

Last updated on 2025-04-29 14:53:31 CEST.

Flavor Version Tinstall Tcheck Ttotal Status Flags
r-devel-linux-x86_64-debian-clang 0.1.0 10.57 96.82 107.39 NOTE
r-devel-linux-x86_64-debian-gcc 0.1.0 6.72 63.23 69.95 NOTE
r-devel-linux-x86_64-fedora-clang 0.1.0 161.02 OK
r-devel-linux-x86_64-fedora-gcc 0.1.0 155.90 OK
r-devel-windows-x86_64 0.1.0 12.00 97.00 109.00 OK
r-patched-linux-x86_64 0.1.0 9.43 88.72 98.15 OK
r-release-linux-x86_64 0.1.0 9.72 87.49 97.21 OK
r-release-macos-arm64 0.1.0 42.00 OK
r-release-macos-x86_64 0.1.0 78.00 OK
r-release-windows-x86_64 0.1.0 11.00 101.00 112.00 OK
r-oldrel-macos-arm64 0.1.0 40.00 NOTE
r-oldrel-macos-x86_64 0.1.0 60.00 NOTE
r-oldrel-windows-x86_64 0.1.0 14.00 126.00 140.00 NOTE

Check Details

Version: 0.1.0
Check: CRAN incoming feasibility
Result: NOTE Maintainer: ‘Luiz O. Gavião <luiz.gaviao67@gmail.com>’ No Authors@R field in DESCRIPTION. Please add one, modifying Authors@R: c(person(given = c("Luiz", "O."), family = "Gavião", role = c("aut", "cre"), email = "luiz.gaviao67@gmail.com"), person(given = c("Annibal", "P."), family = "Sant'Anna", role = "aut"), person(given = c("Gilson", "B.A."), family = "Lima", role = "aut"), person(given = c("Pauli", "A.A."), family = "Garcia.", role = "aut")) as necessary. Flavors: r-devel-linux-x86_64-debian-clang, r-devel-linux-x86_64-debian-gcc

Version: 0.1.0
Check: LazyData
Result: NOTE 'LazyData' is specified without a 'data' directory Flavors: r-oldrel-macos-arm64, r-oldrel-macos-x86_64, r-oldrel-windows-x86_64