Last updated on 2025-04-29 08:51:54 CEST.
Flavor | Version | Tinstall | Tcheck | Ttotal | Status | Flags |
---|---|---|---|---|---|---|
r-devel-linux-x86_64-debian-clang | 1.0 | 12.91 | 129.37 | 142.28 | OK | |
r-devel-linux-x86_64-debian-gcc | 1.0 | 8.80 | 94.30 | 103.10 | NOTE | |
r-devel-linux-x86_64-fedora-clang | 1.0 | 220.83 | OK | |||
r-devel-linux-x86_64-fedora-gcc | 1.0 | 223.36 | OK | |||
r-devel-windows-x86_64 | 1.0 | 14.00 | 132.00 | 146.00 | OK | |
r-patched-linux-x86_64 | 1.0 | 11.69 | 129.57 | 141.26 | OK | |
r-release-linux-x86_64 | 1.0 | 11.36 | 129.24 | 140.60 | OK | |
r-release-macos-arm64 | 1.0 | 59.00 | OK | |||
r-release-macos-x86_64 | 1.0 | 122.00 | OK | |||
r-release-windows-x86_64 | 1.0 | 14.00 | 133.00 | 147.00 | OK | |
r-oldrel-macos-arm64 | 1.0 | 57.00 | OK | |||
r-oldrel-macos-x86_64 | 1.0 | 86.00 | OK | |||
r-oldrel-windows-x86_64 | 1.0 | 18.00 | 179.00 | 197.00 | OK |
Version: 1.0
Check: examples
Result: NOTE
Examples with CPU (user + system) or elapsed time > 5s
user system elapsed
cv11_vca_by_median 7.984 0.272 9.534
cv25_qbinom_ppu 6.721 0.064 7.806
cv26_qpoisson_ppu 4.921 0.036 5.635
Flavor: r-devel-linux-x86_64-debian-gcc