CRAN Package Check Results for Package Colossus

Last updated on 2025-04-29 08:51:54 CEST.

Flavor Version Tinstall Tcheck Ttotal Status Flags
r-devel-linux-x86_64-debian-clang 1.2 254.11 250.67 504.78 OK
r-devel-linux-x86_64-debian-gcc 1.2 189.68 219.50 409.18 OK
r-devel-linux-x86_64-fedora-clang 1.2 782.23 OK
r-devel-linux-x86_64-fedora-gcc 1.2 910.30 OK
r-devel-windows-x86_64 1.2 207.00 580.00 787.00 OK
r-patched-linux-x86_64 1.2 256.54 252.63 509.17 OK
r-release-linux-x86_64 1.2 264.32 251.04 515.36 OK
r-release-macos-arm64 1.2 325.00 OK
r-release-macos-x86_64 1.2 463.00 OK
r-release-windows-x86_64 1.2 208.00 580.00 788.00 OK
r-oldrel-macos-arm64 1.2 271.00 NOTE
r-oldrel-macos-x86_64 1.2 477.00 NOTE
r-oldrel-windows-x86_64 1.2 234.00 808.00 1042.00 NOTE

Check Details

Version: 1.2
Check: installed package size
Result: NOTE installed size is 93.6Mb sub-directories of 1Mb or more: doc 1.8Mb libs 91.3Mb Flavors: r-oldrel-macos-arm64, r-oldrel-macos-x86_64, r-oldrel-windows-x86_64