CRAN Package Check Results for Package ConsensusOPLS

Last updated on 2025-04-29 08:51:54 CEST.

Flavor Version Tinstall Tcheck Ttotal Status Flags
r-devel-linux-x86_64-debian-clang 1.1.0 7.83 115.08 122.91 OK
r-devel-linux-x86_64-debian-gcc 1.1.0 4.20 86.53 90.73 OK
r-devel-linux-x86_64-fedora-clang 1.1.0 193.21 OK
r-devel-linux-x86_64-fedora-gcc 1.1.0 186.48 OK
r-devel-windows-x86_64 1.1.0 8.00 227.00 235.00 OK
r-patched-linux-x86_64 1.1.0 7.43 111.14 118.57 OK
r-release-linux-x86_64 1.1.0 6.03 112.30 118.33 OK
r-release-macos-arm64 1.1.0 124.00 OK
r-release-macos-x86_64 1.1.0 260.00 OK
r-release-windows-x86_64 1.1.0 9.00 224.00 233.00 OK
r-oldrel-macos-arm64 1.1.0 103.00 NOTE
r-oldrel-macos-x86_64 1.1.0 230.00 NOTE
r-oldrel-windows-x86_64 1.1.0 12.00 323.00 335.00 NOTE

Check Details

Version: 1.1.0
Check: installed package size
Result: NOTE installed size is 6.5Mb sub-directories of 1Mb or more: doc 5.4Mb Flavors: r-oldrel-macos-arm64, r-oldrel-macos-x86_64, r-oldrel-windows-x86_64