Last updated on 2025-04-29 08:51:54 CEST.
Flavor | Version | Tinstall | Tcheck | Ttotal | Status | Flags |
---|---|---|---|---|---|---|
r-devel-linux-x86_64-debian-clang | 3.5.8 | 100.77 | 139.74 | 240.51 | OK | |
r-devel-linux-x86_64-debian-gcc | 3.5.8 | 74.44 | 105.94 | 180.38 | OK | |
r-devel-linux-x86_64-fedora-clang | 3.5.8 | 427.55 | OK | |||
r-devel-linux-x86_64-fedora-gcc | 3.5.8 | 435.28 | OK | |||
r-devel-windows-x86_64 | 3.5.8 | 116.00 | 221.00 | 337.00 | OK | |
r-patched-linux-x86_64 | 3.5.8 | 100.49 | 138.16 | 238.65 | OK | |
r-release-linux-x86_64 | 3.5.8 | 103.76 | 141.04 | 244.80 | OK | |
r-release-macos-arm64 | 3.5.8 | 120.00 | OK | |||
r-release-macos-x86_64 | 3.5.8 | 187.00 | OK | |||
r-release-windows-x86_64 | 3.5.8 | 119.00 | 219.00 | 338.00 | OK | |
r-oldrel-macos-arm64 | 3.5.8 | 112.00 | NOTE | |||
r-oldrel-macos-x86_64 | 3.5.8 | 141.00 | NOTE | |||
r-oldrel-windows-x86_64 | 3.5.8 | 134.00 | 256.00 | 390.00 | OK |
Version: 3.5.8
Check: installed package size
Result: NOTE
installed size is 8.3Mb
sub-directories of 1Mb or more:
doc 1.9Mb
libs 5.3Mb
Flavors: r-oldrel-macos-arm64, r-oldrel-macos-x86_64