CRAN Package Check Results for Package DClusterm

Last updated on 2025-04-29 08:51:55 CEST.

Flavor Version Tinstall Tcheck Ttotal Status Flags
r-devel-linux-x86_64-debian-clang 1.0-1 7.94 135.57 143.51 NOTE
r-devel-linux-x86_64-debian-gcc 1.0-1 5.93 102.07 108.00 NOTE
r-devel-linux-x86_64-fedora-clang 1.0-1 239.42 NOTE
r-devel-linux-x86_64-fedora-gcc 1.0-1 250.63 NOTE
r-devel-windows-x86_64 1.0-1 9.00 106.00 115.00 NOTE --no-vignettes
r-patched-linux-x86_64 1.0-1 8.64 132.84 141.48 NOTE
r-release-linux-x86_64 1.0-1 7.36 130.52 137.88 NOTE
r-release-macos-arm64 1.0-1 176.00 NOTE
r-release-macos-x86_64 1.0-1 344.00 NOTE
r-release-windows-x86_64 1.0-1 9.00 109.00 118.00 NOTE --no-vignettes
r-oldrel-macos-arm64 1.0-1 151.00 NOTE
r-oldrel-macos-x86_64 1.0-1 226.00 NOTE
r-oldrel-windows-x86_64 1.0-1 12.00 116.00 128.00 NOTE --no-vignettes

Check Details

Version: 1.0-1
Check: Rd files
Result: NOTE checkRd: (-1) CalcStatClusterGivenCenter.Rd:36: Lost braces; missing escapes or markup? 36 | This can be "glm" for generalized linear models (\link{glm} {stats}), | ^ checkRd: (-1) CalcStatClusterGivenCenter.Rd:37: Lost braces; missing escapes or markup? 37 | "glmer" for generalized linear mixed model (\link{glmer} {lme4}), | ^ checkRd: (-1) CalcStatsAllClusters.Rd:49: Lost braces; missing escapes or markup? 49 | This can be "glm" for generalized linear models (\link{glm} {stats}), | ^ checkRd: (-1) CalcStatsAllClusters.Rd:50: Lost braces; missing escapes or markup? 50 | "glmer" for generalized linear mixed model (\link{glmer} {lme4}), | ^ checkRd: (-1) DetectClustersModel.Rd:60: Lost braces; missing escapes or markup? 60 | This can be "glm" for generalized linear models (\link{glm} {stats}), | ^ checkRd: (-1) DetectClustersModel.Rd:61: Lost braces; missing escapes or markup? 61 | "glmer" for generalized linear mixed model (\link{glmer} {lme4}), | ^ checkRd: (-1) glmAndZIP.iscluster.Rd:34: Lost braces; missing escapes or markup? 34 | This can be "glm" for generalized linear models (\link{glm} {stats}), | ^ checkRd: (-1) glmAndZIP.iscluster.Rd:35: Lost braces; missing escapes or markup? 35 | "glmer" for generalized linear mixed model (\link{glmer} {lme4}), | ^ Flavors: r-devel-linux-x86_64-debian-clang, r-devel-linux-x86_64-debian-gcc, r-devel-linux-x86_64-fedora-clang, r-devel-linux-x86_64-fedora-gcc, r-patched-linux-x86_64, r-release-linux-x86_64, r-release-macos-arm64, r-release-macos-x86_64, r-oldrel-macos-arm64, r-oldrel-macos-x86_64

Version: 1.0-1
Check: Rd cross-references
Result: NOTE Found the following Rd file(s) with Rd \link{} targets missing package anchors: CalcStatClusterGivenCenter.Rd: glmer CalcStatsAllClusters.Rd: glmer DetectClustersModel.Rd: glmer, SpatialPolygonsDataFrame, STFDF, SpatialPolygons glmAndZIP.iscluster.Rd: glmer knbinary.Rd: SpatialPolygonsDataFrame mergeknclusters.Rd: SpatialPolygonsDataFrame Please provide package anchors for all Rd \link{} targets not in the package itself and the base packages. Flavors: r-devel-linux-x86_64-debian-clang, r-devel-linux-x86_64-debian-gcc, r-patched-linux-x86_64, r-release-linux-x86_64

Version: 1.0-1
Check: CRAN incoming feasibility
Result: NOTE Maintainer: ‘Virgilio Gomez-Rubio <virgilio.gomez@uclm.es>’ No Authors@R field in DESCRIPTION. Please add one, modifying Authors@R: c(person(given = "Virgilio", family = "Gomez-Rubio", role = c("aut", "cre"), email = "virgilio.gomez@uclm.es"), person(given = c("Paula", "Esther", "Moraga"), family = "Serrano", role = "aut"), person(given = "Barry", family = "Rowlingson", role = "aut")) as necessary. Found the following URLs which should use \doi (with the DOI name only): File ‘DetectClustersModel.Rd’: http://dx.doi.org/10.1007/s10260-013-0241-8 Flavor: r-devel-linux-x86_64-debian-gcc

Version: 1.0-1
Check: examples
Result: NOTE Examples with CPU (user + system) or elapsed time > 5s user system elapsed get.stclusters 5.514 0.017 6.435 Flavor: r-devel-linux-x86_64-debian-gcc

Version: 1.0-1
Flags: --no-vignettes
Check: Rd files
Result: NOTE checkRd: (-1) CalcStatClusterGivenCenter.Rd:36: Lost braces; missing escapes or markup? 36 | This can be "glm" for generalized linear models (\link{glm} {stats}), | ^ checkRd: (-1) CalcStatClusterGivenCenter.Rd:37: Lost braces; missing escapes or markup? 37 | "glmer" for generalized linear mixed model (\link{glmer} {lme4}), | ^ checkRd: (-1) CalcStatsAllClusters.Rd:49: Lost braces; missing escapes or markup? 49 | This can be "glm" for generalized linear models (\link{glm} {stats}), | ^ checkRd: (-1) CalcStatsAllClusters.Rd:50: Lost braces; missing escapes or markup? 50 | "glmer" for generalized linear mixed model (\link{glmer} {lme4}), | ^ checkRd: (-1) DetectClustersModel.Rd:60: Lost braces; missing escapes or markup? 60 | This can be "glm" for generalized linear models (\link{glm} {stats}), | ^ checkRd: (-1) DetectClustersModel.Rd:61: Lost braces; missing escapes or markup? 61 | "glmer" for generalized linear mixed model (\link{glmer} {lme4}), | ^ checkRd: (-1) glmAndZIP.iscluster.Rd:34: Lost braces; missing escapes or markup? 34 | This can be "glm" for generalized linear models (\link{glm} {stats}), | ^ checkRd: (-1) glmAndZIP.iscluster.Rd:35: Lost braces; missing escapes or markup? 35 | "glmer" for generalized linear mixed model (\link{glmer} {lme4}), | ^ Flavors: r-devel-windows-x86_64, r-release-windows-x86_64, r-oldrel-windows-x86_64

Version: 1.0-1
Flags: --no-vignettes
Check: Rd cross-references
Result: NOTE Found the following Rd file(s) with Rd \link{} targets missing package anchors: CalcStatClusterGivenCenter.Rd: glmer CalcStatsAllClusters.Rd: glmer DetectClustersModel.Rd: glmer, SpatialPolygonsDataFrame, STFDF, SpatialPolygons glmAndZIP.iscluster.Rd: glmer knbinary.Rd: SpatialPolygonsDataFrame mergeknclusters.Rd: SpatialPolygonsDataFrame Please provide package anchors for all Rd \link{} targets not in the package itself and the base packages. Flavors: r-devel-windows-x86_64, r-release-windows-x86_64

Version: 1.0-1
Check: package dependencies
Result: NOTE Package suggested but not available for checking: ‘INLA’ Flavors: r-oldrel-macos-arm64, r-oldrel-macos-x86_64