Last updated on 2025-04-29 08:51:56 CEST.
Flavor | Version | Tinstall | Tcheck | Ttotal | Status | Flags |
---|---|---|---|---|---|---|
r-devel-linux-x86_64-debian-clang | 2.6-2 | 38.70 | 537.86 | 576.56 | OK | |
r-devel-linux-x86_64-debian-gcc | 2.6-2 | 26.89 | 367.01 | 393.90 | NOTE | |
r-devel-linux-x86_64-fedora-clang | 2.6-2 | 984.67 | OK | |||
r-devel-linux-x86_64-fedora-gcc | 2.6-2 | 875.52 | OK | |||
r-devel-windows-x86_64 | 2.6-2 | 40.00 | 451.00 | 491.00 | OK | |
r-patched-linux-x86_64 | 2.6-2 | 39.25 | 519.06 | 558.31 | OK | |
r-release-linux-x86_64 | 2.6-2 | 38.30 | 513.87 | 552.17 | OK | |
r-release-macos-arm64 | 2.6-2 | 220.00 | OK | |||
r-release-macos-x86_64 | 2.6-2 | 474.00 | OK | |||
r-release-windows-x86_64 | 2.6-2 | 40.00 | 457.00 | 497.00 | OK | |
r-oldrel-macos-arm64 | 2.6-2 | 205.00 | NOTE | |||
r-oldrel-macos-x86_64 | 2.6-2 | 332.00 | NOTE | |||
r-oldrel-windows-x86_64 | 2.6-2 | 52.00 | 623.00 | 675.00 | NOTE |
Version: 2.6-2
Check: examples
Result: NOTE
Examples with CPU (user + system) or elapsed time > 5s
user system elapsed
bmdfilter 3.258 0.167 5.283
Flavor: r-devel-linux-x86_64-debian-gcc
Version: 2.6-2
Check: installed package size
Result: NOTE
installed size is 5.7Mb
sub-directories of 1Mb or more:
doc 2.5Mb
Flavors: r-oldrel-macos-arm64, r-oldrel-macos-x86_64, r-oldrel-windows-x86_64