CRAN Package Check Results for Package DTAT

Last updated on 2025-04-29 08:51:56 CEST.

Flavor Version Tinstall Tcheck Ttotal Status Flags
r-devel-linux-x86_64-debian-clang 0.3-7 14.35 142.60 156.95 NOTE
r-devel-linux-x86_64-debian-gcc 0.3-7 10.20 109.61 119.81 NOTE
r-devel-linux-x86_64-fedora-clang 0.3-7 256.19 OK
r-devel-linux-x86_64-fedora-gcc 0.3-7 244.83 OK
r-devel-windows-x86_64 0.3-7 14.00 184.00 198.00 NOTE
r-patched-linux-x86_64 0.3-7 15.02 141.73 156.75 NOTE
r-release-linux-x86_64 0.3-7 13.71 140.39 154.10 NOTE
r-release-macos-arm64 0.3-7 88.00 OK
r-release-macos-x86_64 0.3-7 145.00 OK
r-release-windows-x86_64 0.3-7 15.00 184.00 199.00 NOTE
r-oldrel-macos-arm64 0.3-7 80.00 OK
r-oldrel-macos-x86_64 0.3-7 119.00 OK
r-oldrel-windows-x86_64 0.3-7 20.00 220.00 240.00 OK

Check Details

Version: 0.3-7
Check: Rd cross-references
Result: NOTE Found the following Rd file(s) with Rd \link{} targets missing package anchors: Onoue.Friberg.Rd: pomp Please provide package anchors for all Rd \link{} targets not in the package itself and the base packages. Flavors: r-devel-linux-x86_64-debian-clang, r-devel-linux-x86_64-debian-gcc, r-devel-windows-x86_64, r-patched-linux-x86_64, r-release-linux-x86_64, r-release-windows-x86_64