CRAN Package Check Results for Package DatabionicSwarm

Last updated on 2025-04-29 14:53:31 CEST.

Flavor Version Tinstall Tcheck Ttotal Status Flags
r-devel-linux-x86_64-debian-clang 2.0.0 101.17 116.29 217.46 OK
r-devel-linux-x86_64-debian-gcc 2.0.0 70.26 81.04 151.30 NOTE
r-devel-linux-x86_64-fedora-clang 2.0.0 418.51 OK
r-devel-linux-x86_64-fedora-gcc 2.0.0 412.20 OK
r-devel-windows-x86_64 2.0.0 126.00 133.00 259.00 OK
r-patched-linux-x86_64 2.0.0 102.22 114.90 217.12 OK
r-release-linux-x86_64 2.0.0 105.23 112.51 217.74 OK
r-release-macos-arm64 2.0.0 108.00 OK
r-release-macos-x86_64 2.0.0 147.00 OK
r-release-windows-x86_64 2.0.0 131.00 132.00 263.00 OK
r-oldrel-macos-arm64 2.0.0 60.00 NOTE
r-oldrel-macos-x86_64 2.0.0 89.00 NOTE
r-oldrel-windows-x86_64 2.0.0 142.00 190.00 332.00 NOTE

Check Details

Version: 2.0.0
Check: examples
Result: NOTE Examples with CPU time > 2.5 times elapsed time user system elapsed ratio Pswarm 3.271 1.187 0.422 10.564 Flavor: r-devel-linux-x86_64-debian-gcc

Version: 2.0.0
Check: installed package size
Result: NOTE installed size is 7.6Mb sub-directories of 1Mb or more: doc 2.7Mb libs 4.6Mb Flavors: r-oldrel-macos-arm64, r-oldrel-macos-x86_64

Version: 2.0.0
Check: for GNU extensions in Makefiles
Result: NOTE GNU make is a SystemRequirements. Flavors: r-oldrel-macos-arm64, r-oldrel-macos-x86_64, r-oldrel-windows-x86_64