Last updated on 2025-04-29 08:51:55 CEST.
Flavor | Version | Tinstall | Tcheck | Ttotal | Status | Flags |
---|---|---|---|---|---|---|
r-devel-linux-x86_64-debian-clang | 0.1.4 | 5.17 | 88.90 | 94.07 | NOTE | |
r-devel-linux-x86_64-debian-gcc | 0.1.4 | 4.83 | 68.47 | 73.30 | NOTE | |
r-devel-linux-x86_64-fedora-clang | 0.1.4 | 148.82 | NOTE | |||
r-devel-linux-x86_64-fedora-gcc | 0.1.4 | 144.55 | NOTE | |||
r-devel-windows-x86_64 | 0.1.4 | 8.00 | 119.00 | 127.00 | NOTE | |
r-patched-linux-x86_64 | 0.1.4 | 5.97 | 89.46 | 95.43 | NOTE | |
r-release-linux-x86_64 | 0.1.4 | 6.27 | 89.19 | 95.46 | NOTE | |
r-release-macos-arm64 | 0.1.4 | 62.00 | NOTE | |||
r-release-macos-x86_64 | 0.1.4 | 105.00 | NOTE | |||
r-release-windows-x86_64 | 0.1.4 | 7.00 | 118.00 | 125.00 | NOTE | |
r-oldrel-macos-arm64 | 0.1.4 | 56.00 | NOTE | |||
r-oldrel-macos-x86_64 | 0.1.4 | 82.00 | NOTE | |||
r-oldrel-windows-x86_64 | 0.1.4 | 9.00 | 140.00 | 149.00 | NOTE |
Version: 0.1.4
Check: Rd files
Result: NOTE
checkRd: (-1) conifersIP.Rd:9: Lost braces; missing escapes or markup?
9 | \code{conifersIP} {has following variables:}
| ^
checkRd: (-1) conifersIP.Rd:11: Lost braces in \itemize; meant \describe ?
checkRd: (-1) conifersIP.Rd:12: Lost braces in \itemize; meant \describe ?
checkRd: (-1) conifersIP.Rd:13: Lost braces in \itemize; meant \describe ?
checkRd: (-1) conifersIP.Rd:14: Lost braces in \itemize; meant \describe ?
checkRd: (-1) conifersIP.Rd:15: Lost braces in \itemize; meant \describe ?
checkRd: (-1) sync.Rd:22: Lost braces in \itemize; \value handles \item{}{} directly
checkRd: (-1) sync.Rd:23: Lost braces in \itemize; \value handles \item{}{} directly
checkRd: (-1) sync.Rd:24: Lost braces in \itemize; \value handles \item{}{} directly
checkRd: (-1) sync.Rd:25: Lost braces in \itemize; \value handles \item{}{} directly
checkRd: (-1) sync.Rd:26: Lost braces in \itemize; \value handles \item{}{} directly
checkRd: (-1) sync.Rd:27: Lost braces in \itemize; \value handles \item{}{} directly
checkRd: (-1) sync.Rd:28: Lost braces in \itemize; \value handles \item{}{} directly
Flavors: r-devel-linux-x86_64-debian-clang, r-devel-linux-x86_64-debian-gcc, r-devel-linux-x86_64-fedora-clang, r-devel-linux-x86_64-fedora-gcc, r-devel-windows-x86_64, r-patched-linux-x86_64, r-release-linux-x86_64, r-release-macos-arm64, r-release-macos-x86_64, r-release-windows-x86_64, r-oldrel-macos-arm64, r-oldrel-macos-x86_64, r-oldrel-windows-x86_64
Version: 0.1.4
Check: Rd cross-references
Result: NOTE
Found the following Rd file(s) with Rd \link{} targets missing package
anchors:
dendro.varcov.Rd: varFunc, varIdent, lmeObject
Please provide package anchors for all Rd \link{} targets not in the
package itself and the base packages.
Flavors: r-devel-linux-x86_64-debian-clang, r-devel-linux-x86_64-debian-gcc, r-devel-windows-x86_64, r-patched-linux-x86_64, r-release-linux-x86_64, r-release-windows-x86_64
Version: 0.1.4
Check: CRAN incoming feasibility
Result: NOTE
Maintainer: ‘Josu G. Alday <josucham@gmail.com>’
No Authors@R field in DESCRIPTION.
Please add one, modifying
Authors@R: c(person(given = c("Josu", "G."),
family = "Alday",
role = c("aut", "cre"),
email = "josucham@gmail.com",
comment = c(ORCID = "0000-0001-7510-8655")),
person(given = c("Tatiana", "A."),
family = "Shestakova",
role = "aut",
comment = c(ORCID = "0000-0002-5605-0299")),
person(given = c("Victor", "Resco"),
family = "de Dios",
role = "aut",
comment = c(ORCID = "0000-0002-5721-1656")),
person(given = "Jordi",
family = "Voltas",
role = "aut",
comment = c(ORCID = "0000-0003-4051-1158")))
as necessary.
Flavor: r-devel-linux-x86_64-debian-gcc