CRAN Package Check Results for Package EFAtools

Last updated on 2025-04-29 08:51:56 CEST.

Flavor Version Tinstall Tcheck Ttotal Status Flags
r-devel-linux-x86_64-debian-clang 0.4.6 62.17 337.23 399.40 OK
r-devel-linux-x86_64-debian-gcc 0.4.6 43.37 240.70 284.07 OK
r-devel-linux-x86_64-fedora-clang 0.4.6 667.60 NOTE
r-devel-linux-x86_64-fedora-gcc 0.4.6 688.08 NOTE
r-devel-windows-x86_64 0.4.6 73.00 354.00 427.00 OK
r-patched-linux-x86_64 0.4.6 64.74 332.30 397.04 OK
r-release-linux-x86_64 0.4.6 61.56 353.19 414.75 OK
r-release-macos-arm64 0.4.6 176.00 OK
r-release-macos-x86_64 0.4.6 220.00 OK
r-release-windows-x86_64 0.4.6 75.00 386.00 461.00 OK
r-oldrel-macos-arm64 0.4.6 162.00 OK
r-oldrel-macos-x86_64 0.4.6 234.00 OK
r-oldrel-windows-x86_64 0.4.6 82.00 491.00 573.00 OK

Check Details

Version: 0.4.6
Check: dependencies in R code
Result: NOTE Namespace in Imports field not imported from: ‘progress’ All declared Imports should be used. Flavors: r-devel-linux-x86_64-fedora-clang, r-devel-linux-x86_64-fedora-gcc