Last updated on 2025-04-29 08:51:56 CEST.
Flavor | Version | Tinstall | Tcheck | Ttotal | Status | Flags |
---|---|---|---|---|---|---|
r-devel-linux-x86_64-debian-clang | 1.2.1 | 6.89 | 89.99 | 96.88 | OK | |
r-devel-linux-x86_64-debian-gcc | 1.2.1 | 4.52 | 64.47 | 68.99 | NOTE | |
r-devel-linux-x86_64-fedora-clang | 1.2.1 | 163.71 | OK | |||
r-devel-linux-x86_64-fedora-gcc | 1.2.1 | 159.01 | OK | |||
r-devel-windows-x86_64 | 1.2.1 | 8.00 | 117.00 | 125.00 | OK | |
r-patched-linux-x86_64 | 1.2.1 | 5.63 | 86.23 | 91.86 | OK | |
r-release-linux-x86_64 | 1.2.1 | 5.84 | 84.65 | 90.49 | OK | |
r-release-macos-arm64 | 1.2.1 | 76.00 | OK | |||
r-release-macos-x86_64 | 1.2.1 | 184.00 | OK | |||
r-release-windows-x86_64 | 1.2.1 | 10.00 | 116.00 | 126.00 | OK | |
r-oldrel-macos-arm64 | 1.2.1 | 67.00 | NOTE | |||
r-oldrel-macos-x86_64 | 1.2.1 | 93.00 | NOTE | |||
r-oldrel-windows-x86_64 | 1.2.1 | 11.00 | 147.00 | 158.00 | NOTE |
Version: 1.2.1
Check: examples
Result: NOTE
Examples with CPU (user + system) or elapsed time > 5s
user system elapsed
DataTemporalMap-class 4.213 0.197 6.136
estimateDataTemporalMap-methods 3.601 0.181 5.413
Flavor: r-devel-linux-x86_64-debian-gcc
Version: 1.2.1
Check: installed package size
Result: NOTE
installed size is 10.4Mb
sub-directories of 1Mb or more:
doc 5.1Mb
extdata 5.1Mb
Flavors: r-oldrel-macos-arm64, r-oldrel-macos-x86_64, r-oldrel-windows-x86_64