Last updated on 2025-04-29 08:51:57 CEST.
Flavor | Version | Tinstall | Tcheck | Ttotal | Status | Flags |
---|---|---|---|---|---|---|
r-devel-linux-x86_64-debian-clang | 0.0.2 | 9.69 | 84.51 | 94.20 | OK | |
r-devel-linux-x86_64-debian-gcc | 0.0.2 | 6.88 | 60.30 | 67.18 | NOTE | |
r-devel-linux-x86_64-fedora-clang | 0.0.2 | 157.62 | OK | |||
r-devel-linux-x86_64-fedora-gcc | 0.0.2 | 143.86 | OK | |||
r-devel-windows-x86_64 | 0.0.2 | 11.00 | 95.00 | 106.00 | OK | |
r-patched-linux-x86_64 | 0.0.2 | 8.15 | 85.38 | 93.53 | OK | |
r-release-linux-x86_64 | 0.0.2 | 8.89 | 84.23 | 93.12 | OK | |
r-release-macos-arm64 | 0.0.2 | 46.00 | OK | |||
r-release-macos-x86_64 | 0.0.2 | 84.00 | OK | |||
r-release-windows-x86_64 | 0.0.2 | 12.00 | 98.00 | 110.00 | OK | |
r-oldrel-macos-arm64 | 0.0.2 | 39.00 | OK | |||
r-oldrel-macos-x86_64 | 0.0.2 | 76.00 | OK | |||
r-oldrel-windows-x86_64 | 0.0.2 | 13.00 | 123.00 | 136.00 | OK |
Version: 0.0.2
Check: CRAN incoming feasibility
Result: NOTE
Maintainer: ‘Lauren Eyler Dang <lauren.eyler@berkeley.edu>’
The Description field contains
<arXiv:2210.05802>.
Please refer to arXiv e-prints via their arXiv DOI <doi:10.48550/arXiv.YYMM.NNNNN>.
Flavor: r-devel-linux-x86_64-debian-gcc