CRAN Package Check Results for Package EcoIndR

Last updated on 2025-04-29 08:51:56 CEST.

Flavor Version Tinstall Tcheck Ttotal Status Flags
r-devel-linux-x86_64-debian-clang 2.0 12.54 96.45 108.99 OK
r-devel-linux-x86_64-debian-gcc 2.0 7.83 67.62 75.45 NOTE
r-devel-linux-x86_64-fedora-clang 2.0 178.32 OK
r-devel-linux-x86_64-fedora-gcc 2.0 169.31 OK
r-devel-windows-x86_64 2.0 12.00 92.00 104.00 OK
r-patched-linux-x86_64 2.0 12.01 89.80 101.81 OK
r-release-linux-x86_64 2.0 12.81 90.69 103.50 OK
r-release-macos-arm64 2.0 60.00 OK
r-release-macos-x86_64 2.0 92.00 OK
r-release-windows-x86_64 2.0 13.00 101.00 114.00 OK
r-oldrel-macos-arm64 2.0 53.00 OK
r-oldrel-macos-x86_64 2.0 71.00 OK
r-oldrel-windows-x86_64 2.0 17.00 122.00 139.00 OK

Check Details

Version: 2.0
Check: CRAN incoming feasibility
Result: NOTE Maintainer: ‘Castor Guisande Gonzalez <castor@uvigo.es>’ No Authors@R field in DESCRIPTION. Please add one, modifying Authors@R: person(given = c("Castor", "Guisande"), family = "Gonzalez", role = c("aut", "cre"), email = "castor@uvigo.es") as necessary. Flavor: r-devel-linux-x86_64-debian-gcc