Last updated on 2025-04-29 08:51:57 CEST.
Flavor | Version | Tinstall | Tcheck | Ttotal | Status | Flags |
---|---|---|---|---|---|---|
r-devel-linux-x86_64-debian-clang | 0.1.0 | 6.00 | 46.98 | 52.98 | NOTE | |
r-devel-linux-x86_64-debian-gcc | 0.1.0 | 4.90 | 37.98 | 42.88 | NOTE | |
r-devel-linux-x86_64-fedora-clang | 0.1.0 | 85.08 | NOTE | |||
r-devel-linux-x86_64-fedora-gcc | 0.1.0 | 80.35 | NOTE | |||
r-devel-windows-x86_64 | 0.1.0 | 8.00 | 66.00 | 74.00 | NOTE | |
r-patched-linux-x86_64 | 0.1.0 | 5.62 | 48.78 | 54.40 | NOTE | |
r-release-linux-x86_64 | 0.1.0 | 5.67 | 48.57 | 54.24 | NOTE | |
r-release-macos-arm64 | 0.1.0 | 25.00 | NOTE | |||
r-release-macos-x86_64 | 0.1.0 | 48.00 | NOTE | |||
r-release-windows-x86_64 | 0.1.0 | 8.00 | 69.00 | 77.00 | NOTE | |
r-oldrel-macos-arm64 | 0.1.0 | 26.00 | OK | |||
r-oldrel-macos-x86_64 | 0.1.0 | 43.00 | OK | |||
r-oldrel-windows-x86_64 | 0.1.0 | 10.00 | 87.00 | 97.00 | OK |
Version: 0.1.0
Check: DESCRIPTION meta-information
Result: NOTE
Missing dependency on R >= 4.1.0 because package code uses the pipe
|> or function shorthand \(...) syntax added in R 4.1.0.
File(s) using such syntax:
‘HeatMap.R’
Flavors: r-devel-linux-x86_64-debian-clang, r-devel-linux-x86_64-debian-gcc, r-devel-linux-x86_64-fedora-clang, r-devel-linux-x86_64-fedora-gcc, r-devel-windows-x86_64, r-patched-linux-x86_64, r-release-linux-x86_64, r-release-macos-arm64, r-release-macos-x86_64, r-release-windows-x86_64