Last updated on 2025-04-29 08:51:57 CEST.
Flavor | Version | Tinstall | Tcheck | Ttotal | Status | Flags |
---|---|---|---|---|---|---|
r-devel-linux-x86_64-debian-clang | 0.1.0 | 6.87 | 83.01 | 89.88 | OK | |
r-devel-linux-x86_64-debian-gcc | 0.1.0 | 4.61 | 57.21 | 61.82 | NOTE | |
r-devel-linux-x86_64-fedora-clang | 0.1.0 | 145.95 | OK | |||
r-devel-linux-x86_64-fedora-gcc | 0.1.0 | 134.20 | OK | |||
r-devel-windows-x86_64 | 0.1.0 | 8.00 | 86.00 | 94.00 | OK | |
r-patched-linux-x86_64 | 0.1.0 | 6.16 | 80.70 | 86.86 | OK | |
r-release-linux-x86_64 | 0.1.0 | 4.77 | 84.27 | 89.04 | OK | |
r-release-macos-arm64 | 0.1.0 | 41.00 | OK | |||
r-release-macos-x86_64 | 0.1.0 | 123.00 | OK | |||
r-release-windows-x86_64 | 0.1.0 | 7.00 | 90.00 | 97.00 | OK | |
r-oldrel-macos-arm64 | 0.1.0 | 37.00 | NOTE | |||
r-oldrel-macos-x86_64 | 0.1.0 | 64.00 | NOTE | |||
r-oldrel-windows-x86_64 | 0.1.0 | 9.00 | 114.00 | 123.00 | NOTE |
Version: 0.1.0
Check: CRAN incoming feasibility
Result: NOTE
Maintainer: ‘Kathrin Moellenhoff <kathrin.moellenhoff@rub.de>’
No Authors@R field in DESCRIPTION.
Please add one, modifying
Authors@R: person(given = "Kathrin",
family = "Moellenhoff",
role = c("aut", "cre"),
email = "kathrin.moellenhoff@rub.de")
as necessary.
The Description field contains
equivalence in time-to-event data <arXiv:2009.06699>.
Please refer to arXiv e-prints via their arXiv DOI <doi:10.48550/arXiv.YYMM.NNNNN>.
Flavor: r-devel-linux-x86_64-debian-gcc
Version: 0.1.0
Check: LazyData
Result: NOTE
'LazyData' is specified without a 'data' directory
Flavors: r-oldrel-macos-arm64, r-oldrel-macos-x86_64, r-oldrel-windows-x86_64