Last updated on 2025-04-29 08:51:57 CEST.
Flavor | Version | Tinstall | Tcheck | Ttotal | Status | Flags |
---|---|---|---|---|---|---|
r-devel-linux-x86_64-debian-clang | 0.3.1 | 13.53 | 92.64 | 106.17 | OK | |
r-devel-linux-x86_64-debian-gcc | 0.3.1 | 10.80 | 69.08 | 79.88 | NOTE | |
r-devel-linux-x86_64-fedora-clang | 0.3.1 | 163.82 | OK | |||
r-devel-linux-x86_64-fedora-gcc | 0.3.1 | 151.47 | OK | |||
r-devel-windows-x86_64 | 0.3.1 | 13.00 | 95.00 | 108.00 | OK | |
r-patched-linux-x86_64 | 0.3.1 | 12.48 | 92.29 | 104.77 | OK | |
r-release-linux-x86_64 | 0.3.1 | 13.07 | 92.13 | 105.20 | OK | |
r-release-macos-arm64 | 0.3.1 | 52.00 | OK | |||
r-release-macos-x86_64 | 0.3.1 | 91.00 | OK | |||
r-release-windows-x86_64 | 0.3.1 | 14.00 | 100.00 | 114.00 | OK | |
r-oldrel-macos-arm64 | 0.3.1 | 49.00 | NOTE | |||
r-oldrel-macos-x86_64 | 0.3.1 | 69.00 | NOTE | |||
r-oldrel-windows-x86_64 | 0.3.1 | 19.00 | 159.00 | 178.00 | NOTE |
Version: 0.3.1
Check: CRAN incoming feasibility
Result: NOTE
Maintainer: ‘Giulio Costantini <giulio.costantini@unimib.it>’
No Authors@R field in DESCRIPTION.
Please add one, modifying
Authors@R: c(person(given = "Giulio",
family = "Costantini",
role = c("aut", "cre"),
email = "giulio.costantini@unimib.it"),
person(given = "Nils",
family = "Kappelmann",
role = "aut"),
person(given = "Sacha",
family = "Epskamp",
role = "aut"))
as necessary.
Package CITATION file contains call(s) to old-style personList() or
as.personList(). Please use c() on person objects instead.
Package CITATION file contains call(s) to old-style citEntry(). Please
use bibentry() instead.
Flavor: r-devel-linux-x86_64-debian-gcc
Version: 0.3.1
Check: LazyData
Result: NOTE
'LazyData' is specified without a 'data' directory
Flavors: r-oldrel-macos-arm64, r-oldrel-macos-x86_64, r-oldrel-windows-x86_64