Last updated on 2025-04-29 08:51:57 CEST.
Flavor | Version | Tinstall | Tcheck | Ttotal | Status | Flags |
---|---|---|---|---|---|---|
r-devel-linux-x86_64-debian-clang | 1.4.2 | 447.54 | 102.78 | 550.32 | OK | |
r-devel-linux-x86_64-debian-gcc | 1.4.2 | 351.44 | 113.47 | 464.91 | OK | |
r-devel-linux-x86_64-fedora-clang | 1.4.2 | 961.64 | OK | |||
r-devel-linux-x86_64-fedora-gcc | 1.4.2 | 1178.25 | OK | |||
r-devel-windows-x86_64 | 1.4.2 | 439.00 | 183.00 | 622.00 | OK | |
r-patched-linux-x86_64 | 1.4.2 | 451.57 | 152.62 | 604.19 | OK | |
r-release-linux-x86_64 | 1.4.2 | 458.98 | 151.17 | 610.15 | OK | |
r-release-macos-arm64 | 1.4.2 | 213.00 | OK | |||
r-release-macos-x86_64 | 1.4.2 | 222.00 | OK | |||
r-release-windows-x86_64 | 1.4.2 | 454.00 | 180.00 | 634.00 | OK | |
r-oldrel-macos-arm64 | 1.4.2 | 222.00 | NOTE | |||
r-oldrel-macos-x86_64 | 1.4.2 | 190.00 | NOTE | |||
r-oldrel-windows-x86_64 | 1.4.2 | 498.00 | 215.00 | 713.00 | OK |
Version: 1.4.2
Check: installed package size
Result: NOTE
installed size is 50.2Mb
sub-directories of 1Mb or more:
libs 49.8Mb
Flavors: r-oldrel-macos-arm64, r-oldrel-macos-x86_64