Last updated on 2025-04-29 14:53:35 CEST.
Flavor | Version | Tinstall | Tcheck | Ttotal | Status | Flags |
---|---|---|---|---|---|---|
r-devel-linux-x86_64-debian-clang | 0.5.0 | 3.43 | 53.60 | 57.03 | NOTE | |
r-devel-linux-x86_64-debian-gcc | 0.5.0 | 2.94 | 38.94 | 41.88 | OK | |
r-devel-linux-x86_64-fedora-clang | 0.5.0 | 86.27 | OK | |||
r-devel-linux-x86_64-fedora-gcc | 0.5.0 | 85.13 | OK | |||
r-devel-windows-x86_64 | 0.5.0 | 6.00 | 81.00 | 87.00 | OK | |
r-patched-linux-x86_64 | 0.5.0 | 4.77 | 50.16 | 54.93 | OK | |
r-release-linux-x86_64 | 0.5.0 | 3.61 | 50.46 | 54.07 | OK | |
r-release-macos-arm64 | 0.5.0 | 32.00 | OK | |||
r-release-macos-x86_64 | 0.5.0 | 38.00 | OK | |||
r-release-windows-x86_64 | 0.5.0 | 6.00 | 78.00 | 84.00 | OK | |
r-oldrel-macos-arm64 | 0.5.0 | 30.00 | OK | |||
r-oldrel-macos-x86_64 | 0.5.0 | 43.00 | OK | |||
r-oldrel-windows-x86_64 | 0.5.0 | 7.00 | 91.00 | 98.00 | OK |
Version: 0.5.0
Check: examples
Result: NOTE
Examples with CPU (user + system) or elapsed time > 5s
user system elapsed
FuzzyImputation 4.179 0.182 6.977
Flavor: r-devel-linux-x86_64-debian-clang