Last updated on 2025-04-29 08:51:58 CEST.
Flavor | Version | Tinstall | Tcheck | Ttotal | Status | Flags |
---|---|---|---|---|---|---|
r-devel-linux-x86_64-debian-clang | 0.2.0 | 8.60 | 74.06 | 82.66 | OK | |
r-devel-linux-x86_64-debian-gcc | 0.2.0 | 5.58 | 52.52 | 58.10 | NOTE | |
r-devel-linux-x86_64-fedora-clang | 0.2.0 | 130.27 | OK | |||
r-devel-linux-x86_64-fedora-gcc | 0.2.0 | 129.31 | OK | |||
r-devel-windows-x86_64 | 0.2.0 | 9.00 | 81.00 | 90.00 | OK | |
r-patched-linux-x86_64 | 0.2.0 | 8.02 | 69.14 | 77.16 | OK | |
r-release-linux-x86_64 | 0.2.0 | 8.87 | 67.85 | 76.72 | OK | |
r-release-macos-arm64 | 0.2.0 | 42.00 | OK | |||
r-release-macos-x86_64 | 0.2.0 | 72.00 | OK | |||
r-release-windows-x86_64 | 0.2.0 | 9.00 | 86.00 | 95.00 | OK | |
r-oldrel-macos-arm64 | 0.2.0 | 36.00 | OK | |||
r-oldrel-macos-x86_64 | 0.2.0 | 55.00 | OK | |||
r-oldrel-windows-x86_64 | 0.2.0 | 10.00 | 98.00 | 108.00 | OK |
Version: 0.2.0
Check: CRAN incoming feasibility
Result: NOTE
Maintainer: ‘Jonas Peters <jonas.peters@math.ku.dk>’
No Authors@R field in DESCRIPTION.
Please add one, modifying
Authors@R: c(person(given = "Jonas",
family = "Peters",
role = c("aut", "cre"),
email = "jonas.peters@math.ku.dk"),
person(given = c("Rajen", "D."),
family = "Shah",
role = "aut"))
as necessary.
Flavor: r-devel-linux-x86_64-debian-gcc