CRAN Package Check Results for Package Gmisc

Last updated on 2025-04-29 08:51:59 CEST.

Flavor Version Tinstall Tcheck Ttotal Status Flags
r-devel-linux-x86_64-debian-clang 3.0.3 29.46 147.91 177.37 NOTE
r-devel-linux-x86_64-debian-gcc 3.0.3 20.59 112.09 132.68 NOTE
r-devel-linux-x86_64-fedora-clang 3.0.3 294.26 OK
r-devel-linux-x86_64-fedora-gcc 3.0.3 283.72 OK
r-devel-windows-x86_64 3.0.3 33.00 181.00 214.00 NOTE
r-patched-linux-x86_64 3.0.3 31.58 145.20 176.78 NOTE
r-release-linux-x86_64 3.0.3 30.19 145.37 175.56 NOTE
r-release-macos-arm64 3.0.3 78.00 OK
r-release-macos-x86_64 3.0.3 146.00 OK
r-release-windows-x86_64 3.0.3 36.00 177.00 213.00 NOTE
r-oldrel-macos-arm64 3.0.3 83.00 OK
r-oldrel-macos-x86_64 3.0.3 111.00 OK
r-oldrel-windows-x86_64 3.0.3 45.00 224.00 269.00 OK

Check Details

Version: 3.0.3
Check: Rd cross-references
Result: NOTE Found the following Rd file(s) with Rd \link{} targets missing package anchors: descGetMissing.Rd: txtInt describeFactors.Rd: txtInt describeMean.Rd: txtInt describeMedian.Rd: txtInt describeProp.Rd: txtInt mergeDesc.Rd: htmlTable Please provide package anchors for all Rd \link{} targets not in the package itself and the base packages. Flavors: r-devel-linux-x86_64-debian-clang, r-devel-linux-x86_64-debian-gcc, r-devel-windows-x86_64, r-patched-linux-x86_64, r-release-linux-x86_64, r-release-windows-x86_64

Version: 3.0.3
Check: CRAN incoming feasibility
Result: NOTE Maintainer: ‘Max Gordon <max@gforge.se>’ No Authors@R field in DESCRIPTION. Please add one, modifying Authors@R: person(given = "Max", family = "Gordon", role = c("aut", "cre"), email = "max@gforge.se") as necessary. Flavor: r-devel-linux-x86_64-debian-gcc