CRAN Package Check Results for Package Hmisc

Last updated on 2025-04-29 08:52:00 CEST.

Flavor Version Tinstall Tcheck Ttotal Status Flags
r-devel-linux-x86_64-debian-clang 5.2-3 49.23 308.13 357.36 NOTE
r-devel-linux-x86_64-debian-gcc 5.2-3 32.76 193.71 226.47 NOTE
r-devel-linux-x86_64-fedora-clang 5.2-3 634.99 NOTE
r-devel-linux-x86_64-fedora-gcc 5.2-3 532.01 NOTE
r-devel-windows-x86_64 5.2-3 58.00 352.00 410.00 NOTE
r-patched-linux-x86_64 5.2-3 65.40 296.56 361.96 NOTE
r-release-linux-x86_64 5.2-3 54.60 297.87 352.47 NOTE
r-release-macos-arm64 5.2-3 147.00 NOTE
r-release-macos-x86_64 5.2-3 292.00 NOTE
r-release-windows-x86_64 5.2-3 71.00 349.00 420.00 NOTE
r-oldrel-macos-arm64 5.2-3 118.00 NOTE
r-oldrel-macos-x86_64 5.2-3 281.00 NOTE
r-oldrel-windows-x86_64 5.2-3 80.00 461.00 541.00 NOTE

Check Details

Version: 5.2-3
Check: R code for possible problems
Result: NOTE Fdebug: multiple local function definitions for ‘deb’ with different formal arguments html_describe_con: multiple local function definitions for ‘g’ with different formal arguments Flavors: r-devel-linux-x86_64-debian-clang, r-devel-linux-x86_64-debian-gcc, r-devel-linux-x86_64-fedora-clang, r-devel-linux-x86_64-fedora-gcc, r-devel-windows-x86_64, r-patched-linux-x86_64, r-release-linux-x86_64, r-release-macos-arm64, r-release-macos-x86_64, r-release-windows-x86_64, r-oldrel-macos-arm64, r-oldrel-macos-x86_64, r-oldrel-windows-x86_64

Version: 5.2-3
Check: examples
Result: NOTE Examples with CPU (user + system) or elapsed time > 5s user system elapsed estSeqSim 9.25 0.182 10.738 Flavor: r-devel-linux-x86_64-debian-gcc