CRAN Package Check Results for Package INLAjoint

Last updated on 2025-04-29 08:52:01 CEST.

Flavor Version Tinstall Tcheck Ttotal Status Flags
r-devel-linux-x86_64-debian-clang 24.3.25 20.24 112.35 132.59 OK
r-devel-linux-x86_64-debian-gcc 24.3.25 13.86 82.04 95.90 OK
r-devel-linux-x86_64-fedora-clang 24.3.25 229.01 OK
r-devel-linux-x86_64-fedora-gcc 24.3.25 228.62 OK
r-devel-windows-x86_64 24.3.25 21.00 116.00 137.00 OK
r-patched-linux-x86_64 24.3.25 18.47 113.36 131.83 OK
r-release-linux-x86_64 24.3.25 17.97 112.13 130.10 OK
r-release-macos-arm64 24.3.25 76.00 OK
r-release-macos-x86_64 24.3.25 110.00 OK
r-release-windows-x86_64 24.3.25 20.00 115.00 135.00 OK
r-oldrel-macos-arm64 24.3.25 63.00 NOTE
r-oldrel-macos-x86_64 24.3.25 88.00 NOTE
r-oldrel-windows-x86_64 24.3.25 25.00 152.00 177.00 OK

Check Details

Version: 24.3.25
Check: package dependencies
Result: NOTE Package suggested but not available for checking: ‘INLA’ Flavor: r-oldrel-macos-arm64

Version: 24.3.25
Check: package dependencies
Result: NOTE Packages suggested but not available for checking: 'INLA', 'frailtypack' Flavor: r-oldrel-macos-x86_64