Last updated on 2025-04-29 14:53:37 CEST.
Flavor | Version | Tinstall | Tcheck | Ttotal | Status | Flags |
---|---|---|---|---|---|---|
r-devel-linux-x86_64-debian-clang | 0.1.2 | 2.22 | 26.13 | 28.35 | NOTE | |
r-devel-linux-x86_64-debian-gcc | 0.1.2 | 1.64 | 20.87 | 22.51 | NOTE | |
r-devel-linux-x86_64-fedora-clang | 0.1.2 | 45.78 | OK | |||
r-devel-linux-x86_64-fedora-gcc | 0.1.2 | 65.22 | OK | |||
r-devel-windows-x86_64 | 0.1.2 | 3.00 | 46.00 | 49.00 | OK | |
r-patched-linux-x86_64 | 0.1.2 | 2.47 | 24.86 | 27.33 | OK | |
r-release-linux-x86_64 | 0.1.2 | 2.24 | 24.75 | 26.99 | OK | |
r-release-macos-arm64 | 0.1.2 | 27.00 | OK | |||
r-release-macos-x86_64 | 0.1.2 | 47.00 | OK | |||
r-release-windows-x86_64 | 0.1.2 | 3.00 | 46.00 | 49.00 | OK | |
r-oldrel-macos-arm64 | 0.1.2 | 24.00 | OK | |||
r-oldrel-macos-x86_64 | 0.1.2 | 36.00 | OK | |||
r-oldrel-windows-x86_64 | 0.1.2 | 3.00 | 50.00 | 53.00 | OK |
Version: 0.1.2
Check: CRAN incoming feasibility
Result: NOTE
Maintainer: ‘Ana Perez-Gonzalez <anapg@uvigo.es>’
No Authors@R field in DESCRIPTION.
Please add one, modifying
Authors@R: c(person(given = c("Ana", "Maria"),
family = "Bianco",
role = "aut"),
person(given = "Graciela",
family = "Boente",
role = "aut"),
person(given = "Ana",
family = "Perez-Gonzalez",
role = c("aut", "cre"),
email = "anapg@uvigo.es"))
as necessary.
Flavors: r-devel-linux-x86_64-debian-clang, r-devel-linux-x86_64-debian-gcc