Last updated on 2025-04-29 08:52:01 CEST.
Flavor | Version | Tinstall | Tcheck | Ttotal | Status | Flags |
---|---|---|---|---|---|---|
r-devel-linux-x86_64-debian-clang | 1.6 | 5.46 | 52.39 | 57.85 | OK | |
r-devel-linux-x86_64-debian-gcc | 1.6 | 4.72 | 42.02 | 46.74 | NOTE | |
r-devel-linux-x86_64-fedora-clang | 1.6 | 102.56 | OK | |||
r-devel-linux-x86_64-fedora-gcc | 1.6 | 88.30 | OK | |||
r-devel-windows-x86_64 | 1.6 | 8.00 | 71.00 | 79.00 | OK | |
r-patched-linux-x86_64 | 1.6 | 6.30 | 54.84 | 61.14 | OK | |
r-release-linux-x86_64 | 1.6 | 6.16 | 55.07 | 61.23 | OK | |
r-release-macos-arm64 | 1.6 | 44.00 | OK | |||
r-release-macos-x86_64 | 1.6 | 52.00 | OK | |||
r-release-windows-x86_64 | 1.6 | 9.00 | 70.00 | 79.00 | OK | |
r-oldrel-macos-arm64 | 1.6 | 29.00 | OK | |||
r-oldrel-macos-x86_64 | 1.6 | 43.00 | OK | |||
r-oldrel-windows-x86_64 | 1.6 | 10.00 | 84.00 | 94.00 | OK |
Version: 1.6
Check: CRAN incoming feasibility
Result: NOTE
Maintainer: ‘Rudradev Sengupta <rudradev.sengupta@uhasselt.be>’
No Authors@R field in DESCRIPTION.
Please add one, modifying
Authors@R: c(person(given = "Rudradev",
family = "Sengupta",
role = c("aut", "cre"),
email = "rudradev.sengupta@uhasselt.be"),
person(given = c("Nolen", "Joy"),
family = "Perualila",
role = "aut"))
as necessary.
Flavor: r-devel-linux-x86_64-debian-gcc