CRAN Package Check Results for Package InvariantCausalPrediction

Last updated on 2025-04-29 08:52:01 CEST.

Flavor Version Tinstall Tcheck Ttotal Status Flags
r-devel-linux-x86_64-debian-clang 0.8 8.10 63.27 71.37 OK
r-devel-linux-x86_64-debian-gcc 0.8 6.10 48.24 54.34 NOTE
r-devel-linux-x86_64-fedora-clang 0.8 117.47 OK
r-devel-linux-x86_64-fedora-gcc 0.8 104.86 OK
r-devel-windows-x86_64 0.8 8.00 75.00 83.00 OK
r-patched-linux-x86_64 0.8 7.91 61.48 69.39 OK
r-release-linux-x86_64 0.8 7.41 60.85 68.26 OK
r-release-macos-arm64 0.8 36.00 OK
r-release-macos-x86_64 0.8 71.00 OK
r-release-windows-x86_64 0.8 9.00 78.00 87.00 OK
r-oldrel-macos-arm64 0.8 33.00 OK
r-oldrel-macos-x86_64 0.8 62.00 OK
r-oldrel-windows-x86_64 0.8 10.00 87.00 97.00 OK

Check Details

Version: 0.8
Check: CRAN incoming feasibility
Result: NOTE Maintainer: ‘Nicolai Meinshausen <meinshausen@stat.math.ethz.ch>’ No Authors@R field in DESCRIPTION. Please add one, modifying Authors@R: person(given = "Nicolai", family = "Meinshausen", role = c("aut", "cre"), email = "meinshausen@stat.math.ethz.ch") as necessary. Flavor: r-devel-linux-x86_64-debian-gcc