CRAN Package Check Results for Package JMbayes2

Last updated on 2025-04-29 08:52:01 CEST.

Flavor Version Tinstall Tcheck Ttotal Status Flags
r-devel-linux-x86_64-debian-clang 0.5-2 95.07 123.55 218.62 OK
r-devel-linux-x86_64-debian-gcc 0.5-2 56.24 89.11 145.35 OK
r-devel-linux-x86_64-fedora-clang 0.5-2 365.58 OK
r-devel-linux-x86_64-fedora-gcc 0.5-2 398.37 OK
r-devel-windows-x86_64 0.5-2 81.00 143.00 224.00 OK
r-patched-linux-x86_64 0.5-2 79.25 120.29 199.54 OK
r-release-linux-x86_64 0.5-2 80.17 121.87 202.04 OK
r-release-macos-arm64 0.5-2 111.00 OK
r-release-macos-x86_64 0.5-2 192.00 OK
r-release-windows-x86_64 0.5-2 80.00 139.00 219.00 OK
r-oldrel-macos-arm64 0.5-2 81.00 NOTE
r-oldrel-macos-x86_64 0.5-2 154.00 NOTE
r-oldrel-windows-x86_64 0.5-2 97.00 188.00 285.00 OK

Check Details

Version: 0.5-2
Check: installed package size
Result: NOTE installed size is 10.6Mb sub-directories of 1Mb or more: libs 9.7Mb Flavors: r-oldrel-macos-arm64, r-oldrel-macos-x86_64