Last updated on 2025-04-29 08:52:02 CEST.
Flavor | Version | Tinstall | Tcheck | Ttotal | Status | Flags |
---|---|---|---|---|---|---|
r-devel-linux-x86_64-debian-clang | 1.1.3 | 19.31 | 185.96 | 205.27 | OK | |
r-devel-linux-x86_64-debian-gcc | 1.1.3 | 13.45 | 140.72 | 154.17 | NOTE | |
r-devel-linux-x86_64-fedora-clang | 1.1.3 | 311.69 | OK | |||
r-devel-linux-x86_64-fedora-gcc | 1.1.3 | 316.14 | OK | |||
r-devel-windows-x86_64 | 1.1.3 | 18.00 | 164.00 | 182.00 | OK | |
r-patched-linux-x86_64 | 1.1.3 | 16.76 | 179.89 | 196.65 | OK | |
r-release-linux-x86_64 | 1.1.3 | 16.81 | 181.93 | 198.74 | OK | |
r-release-macos-arm64 | 1.1.3 | 85.00 | OK | |||
r-release-macos-x86_64 | 1.1.3 | 189.00 | OK | |||
r-release-windows-x86_64 | 1.1.3 | 21.00 | 163.00 | 184.00 | OK | |
r-oldrel-macos-arm64 | 1.1.3 | 79.00 | OK | |||
r-oldrel-macos-x86_64 | 1.1.3 | 103.00 | OK | |||
r-oldrel-windows-x86_64 | 1.1.3 | 24.00 | 212.00 | 236.00 | OK |
Version: 1.1.3
Check: examples
Result: NOTE
Examples with CPU (user + system) or elapsed time > 5s
user system elapsed
cuneiform_plot 4.015 0.602 6.103
Flavor: r-devel-linux-x86_64-debian-gcc