Last updated on 2025-04-29 08:52:03 CEST.
Flavor | Version | Tinstall | Tcheck | Ttotal | Status | Flags |
---|---|---|---|---|---|---|
r-devel-linux-x86_64-debian-clang | 3.11.9 | 21.06 | 241.95 | 263.01 | NOTE | |
r-devel-linux-x86_64-debian-gcc | 3.11.9 | 13.66 | 162.99 | 176.65 | NOTE | |
r-devel-linux-x86_64-fedora-clang | 3.11.9 | 418.52 | OK | |||
r-devel-linux-x86_64-fedora-gcc | 3.11.9 | 411.06 | OK | |||
r-devel-windows-x86_64 | 3.11.9 | 20.00 | 282.00 | 302.00 | NOTE | |
r-patched-linux-x86_64 | 3.11.9 | 19.91 | 231.53 | 251.44 | NOTE | |
r-release-linux-x86_64 | 3.11.9 | 20.42 | 228.29 | 248.71 | NOTE | |
r-release-macos-arm64 | 3.11.9 | 153.00 | OK | |||
r-release-macos-x86_64 | 3.11.9 | 277.00 | OK | |||
r-release-windows-x86_64 | 3.11.9 | 25.00 | 281.00 | 306.00 | NOTE | |
r-oldrel-macos-arm64 | 3.11.9 | 105.00 | NOTE | |||
r-oldrel-macos-x86_64 | 3.11.9 | 210.00 | NOTE | |||
r-oldrel-windows-x86_64 | 3.11.9 | 28.00 | 359.00 | 387.00 | NOTE |
Version: 3.11.9
Check: Rd cross-references
Result: NOTE
Found the following Rd file(s) with Rd \link{} targets missing package
anchors:
MARSSFisherI.Rd: fdHess, nlme
Please provide package anchors for all Rd \link{} targets not in the
package itself and the base packages.
Flavors: r-devel-linux-x86_64-debian-clang, r-devel-linux-x86_64-debian-gcc, r-devel-windows-x86_64, r-patched-linux-x86_64, r-release-linux-x86_64, r-release-windows-x86_64
Version: 3.11.9
Check: examples
Result: NOTE
Examples with CPU (user + system) or elapsed time > 5s
user system elapsed
fitted_marssMLE 5.956 0.117 7.649
plot_marssResiduals 5.244 0.077 6.030
Flavor: r-devel-linux-x86_64-debian-gcc
Version: 3.11.9
Check: package dependencies
Result: NOTE
Package suggested but not available for checking: ‘marssTMB’
Flavors: r-oldrel-macos-arm64, r-oldrel-macos-x86_64, r-oldrel-windows-x86_64