CRAN Package Check Results for Package MFPCA

Last updated on 2025-04-29 08:52:03 CEST.

Flavor Version Tinstall Tcheck Ttotal Status Flags
r-devel-linux-x86_64-debian-clang 1.3-10 13.65 202.93 216.58 NOTE
r-devel-linux-x86_64-debian-gcc 1.3-10 9.37 145.77 155.14 NOTE
r-devel-linux-x86_64-fedora-clang 1.3-10 342.55 OK
r-devel-linux-x86_64-fedora-gcc 1.3-10 342.49 OK
r-devel-windows-x86_64 1.3-10 13.00 211.00 224.00 NOTE
r-patched-linux-x86_64 1.3-10 12.56 199.16 211.72 NOTE
r-release-linux-x86_64 1.3-10 11.16 198.00 209.16 NOTE
r-release-macos-arm64 1.3-10 139.00 OK
r-release-macos-x86_64 1.3-10 258.00 OK
r-release-windows-x86_64 1.3-10 14.00 218.00 232.00 NOTE
r-oldrel-macos-arm64 1.3-10 125.00 OK
r-oldrel-macos-x86_64 1.3-10 188.00 OK
r-oldrel-windows-x86_64 1.3-10 16.00 277.00 293.00 OK

Check Details

Version: 1.3-10
Check: Rd cross-references
Result: NOTE Found the following Rd file(s) with Rd \link{} targets missing package anchors: splineFunction1D.Rd: gam splineFunction2D.Rd: gam univExpansion.Rd: funData-class Please provide package anchors for all Rd \link{} targets not in the package itself and the base packages. Flavors: r-devel-linux-x86_64-debian-clang, r-devel-linux-x86_64-debian-gcc, r-devel-windows-x86_64, r-patched-linux-x86_64, r-release-linux-x86_64, r-release-windows-x86_64

Version: 1.3-10
Check: CRAN incoming feasibility
Result: NOTE Maintainer: ‘Clara Happ-Kurz <chk_R@gmx.de>’ Package CITATION file contains call(s) to old-style citEntry(). Please use bibentry() instead. Flavor: r-devel-linux-x86_64-debian-gcc