Last updated on 2025-04-29 08:52:04 CEST.
Flavor | Version | Tinstall | Tcheck | Ttotal | Status | Flags |
---|---|---|---|---|---|---|
r-devel-linux-x86_64-debian-clang | 2.11 | 5.83 | 40.95 | 46.78 | OK | |
r-devel-linux-x86_64-debian-gcc | 2.11 | 3.99 | 30.41 | 34.40 | NOTE | |
r-devel-linux-x86_64-fedora-clang | 2.11 | 73.80 | OK | |||
r-devel-linux-x86_64-fedora-gcc | 2.11 | 71.57 | OK | |||
r-devel-windows-x86_64 | 2.11 | 9.00 | 62.00 | 71.00 | OK | |
r-patched-linux-x86_64 | 2.11 | 5.67 | 39.82 | 45.49 | OK | |
r-release-linux-x86_64 | 2.11 | 5.29 | 39.70 | 44.99 | OK | |
r-release-macos-arm64 | 2.11 | 24.00 | OK | |||
r-release-macos-x86_64 | 2.11 | 52.00 | OK | |||
r-release-windows-x86_64 | 2.11 | 10.00 | 66.00 | 76.00 | OK | |
r-oldrel-macos-arm64 | 2.11 | 23.00 | OK | |||
r-oldrel-macos-x86_64 | 2.11 | 42.00 | OK | |||
r-oldrel-windows-x86_64 | 2.11 | 10.00 | 69.00 | 79.00 | OK |
Version: 2.11
Check: CRAN incoming feasibility
Result: NOTE
Maintainer: ‘Francesco Bartolucci <bart@stat.unipg.it>’
No Authors@R field in DESCRIPTION.
Please add one, modifying
Authors@R: c(person(given = "Francesco",
family = "Bartolucci",
role = c("aut", "cre"),
email = "bart@stat.unipg.it"),
person(given = "Silvia",
family = "Bacci",
role = "aut"),
person(given = c("Michela", "Gnaldi", "-", "University", "of"),
family = "Perugia",
role = "aut",
comment = "IT"))
as necessary.
Flavor: r-devel-linux-x86_64-debian-gcc