Last updated on 2025-04-29 08:52:05 CEST.
Flavor | Version | Tinstall | Tcheck | Ttotal | Status | Flags |
---|---|---|---|---|---|---|
r-devel-linux-x86_64-debian-clang | 1.0-10 | 8.47 | 50.00 | 58.47 | OK | |
r-devel-linux-x86_64-debian-gcc | 1.0-10 | 5.73 | 35.18 | 40.91 | NOTE | |
r-devel-linux-x86_64-fedora-clang | 1.0-10 | 94.14 | OK | |||
r-devel-linux-x86_64-fedora-gcc | 1.0-10 | 91.69 | OK | |||
r-devel-windows-x86_64 | 1.0-10 | 10.00 | 65.00 | 75.00 | OK | |
r-patched-linux-x86_64 | 1.0-10 | 8.74 | 47.95 | 56.69 | OK | |
r-release-linux-x86_64 | 1.0-10 | 6.63 | 48.22 | 54.85 | OK | |
r-release-macos-arm64 | 1.0-10 | 31.00 | OK | |||
r-release-macos-x86_64 | 1.0-10 | 57.00 | OK | |||
r-release-windows-x86_64 | 1.0-10 | 10.00 | 73.00 | 83.00 | OK | |
r-oldrel-macos-arm64 | 1.0-10 | 27.00 | OK | |||
r-oldrel-macos-x86_64 | 1.0-10 | 42.00 | OK | |||
r-oldrel-windows-x86_64 | 1.0-10 | 12.00 | 80.00 | 92.00 | OK |
Version: 1.0-10
Check: CRAN incoming feasibility
Result: NOTE
Maintainer: ‘Albrecht Gebhardt <albrecht.gebhardt@aau.at>’
No Authors@R field in DESCRIPTION.
Please add one, modifying
Authors@R: c(person(given = "Petr",
family = "Simecek",
role = "aut",
email = "simecek@gmail.com"),
person(given = "Juergen",
family = "Pilz",
role = "aut",
email = "juergen.pilz@aau.at"),
person(given = "Mingui",
family = "Wang",
role = "aut",
email = "mail.mwang@gmail.com"),
person(given = "Albrecht",
family = "Gebhardt.",
role = "aut",
email = "albrecht.gebhardt@aau.at"),
person(given = "Albrecht",
family = "Gebhardt",
role = "cre",
email = "albrecht.gebhardt@aau.at"))
as necessary.
Flavor: r-devel-linux-x86_64-debian-gcc