Last updated on 2025-04-29 08:52:06 CEST.
Flavor | Version | Tinstall | Tcheck | Ttotal | Status | Flags |
---|---|---|---|---|---|---|
r-devel-linux-x86_64-debian-clang | 1.0 | 8.28 | 66.15 | 74.43 | OK | |
r-devel-linux-x86_64-debian-gcc | 1.0 | 6.58 | 48.18 | 54.76 | NOTE | |
r-devel-linux-x86_64-fedora-clang | 1.0 | 118.87 | OK | |||
r-devel-linux-x86_64-fedora-gcc | 1.0 | 111.65 | OK | |||
r-devel-windows-x86_64 | 1.0 | 9.00 | 73.00 | 82.00 | OK | |
r-patched-linux-x86_64 | 1.0 | 7.91 | 61.26 | 69.17 | OK | |
r-release-linux-x86_64 | 1.0 | 5.97 | 61.29 | 67.26 | OK | |
r-release-macos-arm64 | 1.0 | 37.00 | OK | |||
r-release-macos-x86_64 | 1.0 | 61.00 | OK | |||
r-release-windows-x86_64 | 1.0 | 9.00 | 74.00 | 83.00 | OK | |
r-oldrel-macos-arm64 | 1.0 | 32.00 | OK | |||
r-oldrel-macos-x86_64 | 1.0 | 48.00 | OK | |||
r-oldrel-windows-x86_64 | 1.0 | 11.00 | 91.00 | 102.00 | OK |
Version: 1.0
Check: CRAN incoming feasibility
Result: NOTE
Maintainer: ‘Naz Gul <nazgul@awkum.edu.pk>’
The Description field contains
Lausen' (2020) <arXiv:2005.09043>) is given. The trees are grown by
Please refer to arXiv e-prints via their arXiv DOI <doi:10.48550/arXiv.YYMM.NNNNN>.
Flavor: r-devel-linux-x86_64-debian-gcc