CRAN Package Check Results for Package PCGII

Last updated on 2025-04-29 08:52:06 CEST.

Flavor Version Tinstall Tcheck Ttotal Status Flags
r-devel-linux-x86_64-debian-clang 1.1.2 9.39 75.35 84.74 OK
r-devel-linux-x86_64-debian-gcc 1.1.2 7.46 56.84 64.30 OK
r-devel-linux-x86_64-fedora-clang 1.1.2 135.56 OK
r-devel-linux-x86_64-fedora-gcc 1.1.2 188.45 OK
r-devel-windows-x86_64 1.1.2 12.00 84.00 96.00 OK
r-patched-linux-x86_64 1.1.2 8.63 72.10 80.73 OK
r-release-linux-x86_64 1.1.2 8.38 71.67 80.05 OK
r-release-macos-arm64 1.1.2 51.00 OK
r-release-macos-x86_64 1.1.2 99.00 OK
r-release-windows-x86_64 1.1.2 11.00 85.00 96.00 OK
r-oldrel-macos-arm64 1.1.2 48.00 NOTE
r-oldrel-macos-x86_64 1.1.2 83.00 NOTE
r-oldrel-windows-x86_64 1.1.2 14.00 106.00 120.00 OK

Check Details

Version: 1.1.2
Check: installed package size
Result: NOTE installed size is 5.0Mb sub-directories of 1Mb or more: doc 4.9Mb Flavors: r-oldrel-macos-arm64, r-oldrel-macos-x86_64