Last updated on 2025-04-29 08:52:06 CEST.
Flavor | Version | Tinstall | Tcheck | Ttotal | Status | Flags |
---|---|---|---|---|---|---|
r-devel-linux-x86_64-debian-clang | 1.4.1 | 60.34 | 475.33 | 535.67 | OK | |
r-devel-linux-x86_64-debian-gcc | 1.4.1 | 40.69 | 362.17 | 402.86 | OK | |
r-devel-linux-x86_64-fedora-clang | 1.4.1 | 1031.50 | NOTE | |||
r-devel-linux-x86_64-fedora-gcc | 1.4.1 | 1024.34 | NOTE | |||
r-devel-windows-x86_64 | 1.4.1 | 67.00 | 587.00 | 654.00 | OK | |
r-patched-linux-x86_64 | 1.4.1 | 63.36 | 513.40 | 576.76 | OK | |
r-release-linux-x86_64 | 1.4.1 | 59.45 | 510.19 | 569.64 | OK | |
r-release-macos-arm64 | 1.4.1 | 209.00 | OK | |||
r-release-macos-x86_64 | 1.4.1 | 412.00 | OK | |||
r-release-windows-x86_64 | 1.4.1 | 69.00 | 613.00 | 682.00 | OK | |
r-oldrel-macos-arm64 | 1.4.1 | 217.00 | OK | |||
r-oldrel-macos-x86_64 | 1.4.1 | 436.00 | OK | |||
r-oldrel-windows-x86_64 | 1.4.1 | 79.00 | 706.00 | 785.00 | OK |
Version: 1.4.1
Check: dependencies in R code
Result: NOTE
Namespace in Imports field not imported from: ‘BH’
All declared Imports should be used.
Flavors: r-devel-linux-x86_64-fedora-clang, r-devel-linux-x86_64-fedora-gcc