Last updated on 2025-04-29 08:52:07 CEST.
Flavor | Version | Tinstall | Tcheck | Ttotal | Status | Flags |
---|---|---|---|---|---|---|
r-devel-linux-x86_64-debian-clang | 1.2.2 | 169.37 | 501.68 | 671.05 | OK | |
r-devel-linux-x86_64-debian-gcc | 1.2.2 | 125.37 | 335.39 | 460.76 | OK | |
r-devel-linux-x86_64-fedora-clang | 1.2.2 | 1126.50 | OK | |||
r-devel-linux-x86_64-fedora-gcc | 1.2.2 | 1126.24 | OK | |||
r-devel-windows-x86_64 | 1.2.2 | 186.00 | 504.00 | 690.00 | OK | |
r-patched-linux-x86_64 | 1.2.2 | 173.38 | 478.04 | 651.42 | OK | |
r-release-linux-x86_64 | 1.2.2 | 173.83 | 477.04 | 650.87 | OK | |
r-release-macos-arm64 | 1.2.2 | 274.00 | OK | |||
r-release-macos-x86_64 | 1.2.2 | 385.00 | OK | |||
r-release-windows-x86_64 | 1.2.2 | 193.00 | 503.00 | 696.00 | OK | |
r-oldrel-macos-arm64 | 1.2.2 | 238.00 | NOTE | |||
r-oldrel-macos-x86_64 | 1.2.2 | 353.00 | NOTE | |||
r-oldrel-windows-x86_64 | 1.2.2 | 217.00 | 693.00 | 910.00 | NOTE |
Version: 1.2.2
Check: installed package size
Result: NOTE
installed size is 18.5Mb
sub-directories of 1Mb or more:
data 1.4Mb
doc 2.4Mb
libs 12.9Mb
Flavors: r-oldrel-macos-arm64, r-oldrel-macos-x86_64, r-oldrel-windows-x86_64