CRAN Package Check Results for Package PointFore

Last updated on 2025-04-29 08:52:07 CEST.

Flavor Version Tinstall Tcheck Ttotal Status Flags
r-devel-linux-x86_64-debian-clang 0.2.0 4.85 109.34 114.19 NOTE
r-devel-linux-x86_64-debian-gcc 0.2.0 3.86 78.66 82.52 NOTE
r-devel-linux-x86_64-fedora-clang 0.2.0 182.70 NOTE
r-devel-linux-x86_64-fedora-gcc 0.2.0 189.79 NOTE
r-devel-windows-x86_64 0.2.0 8.00 117.00 125.00 NOTE
r-patched-linux-x86_64 0.2.0 5.03 110.39 115.42 NOTE
r-release-linux-x86_64 0.2.0 5.19 110.10 115.29 NOTE
r-release-macos-arm64 0.2.0 58.00 NOTE
r-release-macos-x86_64 0.2.0 102.00 NOTE
r-release-windows-x86_64 0.2.0 7.00 117.00 124.00 NOTE
r-oldrel-macos-arm64 0.2.0 55.00 NOTE
r-oldrel-macos-x86_64 0.2.0 81.00 NOTE
r-oldrel-windows-x86_64 0.2.0 9.00 151.00 160.00 NOTE

Check Details

Version: 0.2.0
Check: Rd files
Result: NOTE checkRd: (-1) estimate.functional.Rd:34: Lost braces; missing escapes or markup? 34 | \item{bw}{function describing bandwidth selection (see ?gmm for alternatives). Standard is that the bandwidth depends on the sample length $T$ by $m(T)=T^{1/5}$.} | ^ Flavors: r-devel-linux-x86_64-debian-clang, r-devel-linux-x86_64-debian-gcc, r-devel-linux-x86_64-fedora-clang, r-devel-linux-x86_64-fedora-gcc, r-devel-windows-x86_64, r-patched-linux-x86_64, r-release-linux-x86_64, r-release-macos-arm64, r-release-macos-x86_64, r-release-windows-x86_64, r-oldrel-macos-arm64, r-oldrel-macos-x86_64, r-oldrel-windows-x86_64

Version: 0.2.0
Check: CRAN incoming feasibility
Result: NOTE Maintainer: ‘Patrick Schmidt <pschmidte@gmail.com>’ The Description field contains Katzfuss and Gneiting (2015) <arXiv:1506.01917> for more details on the Please refer to arXiv e-prints via their arXiv DOI <doi:10.48550/arXiv.YYMM.NNNNN>. Flavor: r-devel-linux-x86_64-debian-gcc

Version: 0.2.0
Check: dependencies in R code
Result: NOTE Namespaces in Imports field not imported from: ‘car’ ‘lubridate’ All declared Imports should be used. Flavors: r-devel-linux-x86_64-fedora-clang, r-devel-linux-x86_64-fedora-gcc