Last updated on 2025-04-29 08:52:08 CEST.
Flavor | Version | Tinstall | Tcheck | Ttotal | Status | Flags |
---|---|---|---|---|---|---|
r-devel-linux-x86_64-debian-clang | 2.1.4 | 8.81 | 178.59 | 187.40 | OK | |
r-devel-linux-x86_64-debian-gcc | 2.1.4 | 5.41 | 117.82 | 123.23 | OK | |
r-devel-linux-x86_64-fedora-clang | 2.1.4 | 295.12 | OK | |||
r-devel-linux-x86_64-fedora-gcc | 2.1.4 | 294.17 | OK | |||
r-devel-windows-x86_64 | 2.1.4 | 10.00 | 325.00 | 335.00 | OK | |
r-patched-linux-x86_64 | 2.1.4 | 8.51 | 170.60 | 179.11 | OK | |
r-release-linux-x86_64 | 2.1.4 | 7.18 | 172.57 | 179.75 | ERROR | |
r-release-macos-arm64 | 2.1.4 | 326.00 | OK | |||
r-release-macos-x86_64 | 2.1.4 | 283.00 | OK | |||
r-release-windows-x86_64 | 2.1.4 | 11.00 | 324.00 | 335.00 | OK | |
r-oldrel-macos-arm64 | 2.1.4 | 221.00 | OK | |||
r-oldrel-macos-x86_64 | 2.1.4 | 312.00 | OK | |||
r-oldrel-windows-x86_64 | 2.1.4 | 13.00 | 382.00 | 395.00 | OK |
Version: 2.1.4
Check: tests
Result: ERROR
Running ‘testthat.R’ [6s/47s]
Running the tests in ‘tests/testthat.R’ failed.
Complete output:
> # This file is part of the standard setup for testthat.
> # It is recommended that you do not modify it.
> #
> # Where should you do additional test configuration?
> # Learn more about the roles of various files in:
> # * https://r-pkgs.org/testing-design.html#sec-tests-files-overview
> # * https://testthat.r-lib.org/articles/special-files.html
>
> library(testthat)
> library(PubChemR)
>
> # Functions used globally in package tests (testthat) ----
> allSuccess <- function(object){
+ all(unlist(lapply(object$result, "[[", "success")))
+ }
>
> testRequest <- function(object, ...){
+ test_that(paste0("pulling via '", request_args(object, "namespace"), "' is succesfull"), {
+ expect_true(allSuccess(object))
+ })
+
+ test_that("prints output to the R Console", {
+ expect_output(print(object))
+ })
+ }
>
> # Set 'skipTests' FALSE to run test codes. This is set TRUE to skip
> # all tests on GitHub actions since some of PubChem requests were incomplete due to
> # timeout and/or API related issues. BUILD & CHECK actions on GitHub returns error
> # even if all tests were passed on local installations of R.
> skipTests <- FALSE
>
> if (!skipTests){
+ test_check("PubChemR")
+ }
The file has been saved to '/home/hornik/tmp/scratch/Rtmp5ReNiM/aspirin.json'
The file has been saved to '/home/hornik/tmp/scratch/Rtmp5ReNiM/aspirin.json'
The file has been saved to '/home/hornik/tmp/scratch/Rtmp5ReNiM/aspirin.json'
The file has been saved to '/home/hornik/tmp/scratch/Rtmp5ReNiM/aspirin.json'
The file has been saved to '/home/hornik/tmp/scratch/Rtmp5ReNiM/aspirin.sdf'
Error in value[[3L]](cond) :
Failed to retrieve sources for the specified domain: c(Code = "PUGREST.ServerBusy", Message = "Too many requests or server too busy")
Request failed [400]. Retrying in 3.7 seconds...
Request failed [400]. Retrying in 3.9 seconds...
SDF file saved successfully:
File Name: 'aspirin_20250426_185107.sdf'
Saved at: /home/hornik/tmp/scratch/Rtmp5ReNiM
SDF file saved successfully:
File Name: 'file.sdf'
Saved at: /home/hornik/tmp/scratch/Rtmp5ReNiM
'path' is not specified. Saving files into a temporary folder.
SDF file saved successfully:
File Name: 'file.sdf'
Saved at: /home/hornik/tmp/scratch/Rtmp5ReNiM
PubChem Substance Details (comment)
Same as: <a href="http://pubchem.ncbi.nlm.nih.gov/summary/summary.cgi?sid=7847177">D00109</a>
Is a reactant of enzyme EC: 3.1.1.55
PubChem Substance Details (comment)
Same as: <a href="http://pubchem.ncbi.nlm.nih.gov/summary/summary.cgi?sid=7847177">D00109</a>
Is a reactant of enzyme EC: 3.1.1.55
[ FAIL 2 | WARN 0 | SKIP 0 | PASS 168 ]
══ Failed tests ════════════════════════════════════════════════════════════════
── Failure ('test-get_all_sources.R:9:3'): get all sources for 'substance' ─────
inherits(tmp, "try-error") is not FALSE
`actual`: TRUE
`expected`: FALSE
── Failure ('test-get_all_sources.R:10:3'): get all sources for 'substance' ────
all(...) is not TRUE
`actual`: FALSE
`expected`: TRUE
[ FAIL 2 | WARN 0 | SKIP 0 | PASS 168 ]
Error: Test failures
Execution halted
Flavor: r-release-linux-x86_64