CRAN Package Check Results for Package PupillometryR

Last updated on 2025-04-29 08:52:08 CEST.

Flavor Version Tinstall Tcheck Ttotal Status Flags
r-devel-linux-x86_64-debian-clang 0.0.5 6.05 113.24 119.29 OK
r-devel-linux-x86_64-debian-gcc 0.0.5 5.54 82.26 87.80 OK
r-devel-linux-x86_64-fedora-clang 0.0.5 191.65 NOTE
r-devel-linux-x86_64-fedora-gcc 0.0.5 195.47 NOTE
r-devel-windows-x86_64 0.0.5 9.00 133.00 142.00 OK
r-patched-linux-x86_64 0.0.5 7.12 113.07 120.19 OK
r-release-linux-x86_64 0.0.5 7.12 112.28 119.40 OK
r-release-macos-arm64 0.0.5 61.00 OK
r-release-macos-x86_64 0.0.5 113.00 OK
r-release-windows-x86_64 0.0.5 9.00 132.00 141.00 OK
r-oldrel-macos-arm64 0.0.5 58.00 OK
r-oldrel-macos-x86_64 0.0.5 90.00 OK
r-oldrel-windows-x86_64 0.0.5 12.00 168.00 180.00 OK

Check Details

Version: 0.0.5
Check: dependencies in R code
Result: NOTE Namespaces in Imports field not imported from: ‘itsadug’ ‘mgcv’ All declared Imports should be used. Flavors: r-devel-linux-x86_64-fedora-clang, r-devel-linux-x86_64-fedora-gcc