Last updated on 2025-04-29 08:52:09 CEST.
Flavor | Version | Tinstall | Tcheck | Ttotal | Status | Flags |
---|---|---|---|---|---|---|
r-devel-linux-x86_64-debian-clang | 3.1-8 | 16.07 | 63.25 | 79.32 | NOTE | |
r-devel-linux-x86_64-debian-gcc | 3.1-8 | 11.73 | 46.43 | 58.16 | NOTE | |
r-devel-linux-x86_64-fedora-clang | 3.1-8 | 128.38 | NOTE | |||
r-devel-linux-x86_64-fedora-gcc | 3.1-8 | 127.16 | NOTE | |||
r-devel-windows-x86_64 | 3.1-8 | 21.00 | 91.00 | 112.00 | NOTE | |
r-patched-linux-x86_64 | 3.1-8 | 15.66 | 60.31 | 75.97 | NOTE | |
r-release-linux-x86_64 | 3.1-8 | 16.11 | 60.87 | 76.98 | NOTE | |
r-release-macos-arm64 | 3.1-8 | 48.00 | NOTE | |||
r-release-macos-x86_64 | 3.1-8 | 89.00 | NOTE | |||
r-release-windows-x86_64 | 3.1-8 | 19.00 | 93.00 | 112.00 | NOTE | |
r-oldrel-macos-arm64 | 3.1-8 | 42.00 | NOTE | |||
r-oldrel-macos-x86_64 | 3.1-8 | 61.00 | NOTE | |||
r-oldrel-windows-x86_64 | 3.1-8 | 23.00 | 112.00 | 135.00 | NOTE |
Version: 3.1-8
Check: C++ specification
Result: NOTE
Specified C++11: please drop specification unless essential
Flavors: r-devel-linux-x86_64-debian-clang, r-devel-linux-x86_64-debian-gcc, r-devel-linux-x86_64-fedora-clang, r-devel-linux-x86_64-fedora-gcc, r-devel-windows-x86_64, r-patched-linux-x86_64, r-release-linux-x86_64, r-release-macos-arm64, r-release-macos-x86_64, r-release-windows-x86_64, r-oldrel-macos-arm64, r-oldrel-macos-x86_64, r-oldrel-windows-x86_64
Version: 3.1-8
Check: CRAN incoming feasibility
Result: NOTE
Maintainer: ‘Fabian Scheipl <fabian.scheipl@stat.uni-muenchen.de>’
Package CITATION file contains call(s) to old-style personList() or
as.personList(). Please use c() on person objects instead.
Package CITATION file contains call(s) to old-style citEntry(). Please
use bibentry() instead.
Flavor: r-devel-linux-x86_64-debian-gcc