Last updated on 2025-04-29 08:52:08 CEST.
Flavor | Version | Tinstall | Tcheck | Ttotal | Status | Flags |
---|---|---|---|---|---|---|
r-devel-linux-x86_64-debian-clang | 0.91.6 | 23.05 | 160.68 | 183.73 | OK | |
r-devel-linux-x86_64-debian-gcc | 0.91.6 | 18.16 | 121.53 | 139.69 | NOTE | |
r-devel-linux-x86_64-fedora-clang | 0.91.6 | 304.92 | OK | |||
r-devel-linux-x86_64-fedora-gcc | 0.91.6 | 297.83 | OK | |||
r-devel-windows-x86_64 | 0.91.6 | 36.00 | 313.00 | 349.00 | OK | |
r-patched-linux-x86_64 | 0.91.6 | 20.98 | 161.03 | 182.01 | OK | |
r-release-linux-x86_64 | 0.91.6 | 22.18 | 160.38 | 182.56 | OK | |
r-release-macos-arm64 | 0.91.6 | 150.00 | OK | |||
r-release-macos-x86_64 | 0.91.6 | 201.00 | OK | |||
r-release-windows-x86_64 | 0.91.6 | 39.00 | 259.00 | 298.00 | OK | |
r-oldrel-macos-arm64 | 0.91.6 | 132.00 | OK | |||
r-oldrel-macos-x86_64 | 0.91.6 | 131.00 | OK | |||
r-oldrel-windows-x86_64 | 0.91.6 | 29.00 | 227.00 | 256.00 | OK |
Version: 0.91.6
Check: CRAN incoming feasibility
Result: NOTE
Maintainer: ‘Pierre-Alexandre Hebert <hebert@univ-littoral.fr>’
The URL field contains the following bad parts:
mawenzi.univ-littoral.fr/RclusTool
The URL field should be a list of URLs separated by commas or
whitespace.
Flavor: r-devel-linux-x86_64-debian-gcc