Last updated on 2025-04-29 14:53:45 CEST.
Flavor | Version | Tinstall | Tcheck | Ttotal | Status | Flags |
---|---|---|---|---|---|---|
r-devel-linux-x86_64-debian-clang | 3.2 | 35.12 | 247.04 | 282.16 | NOTE | |
r-devel-linux-x86_64-debian-gcc | 3.2 | 27.60 | 187.40 | 215.00 | NOTE | |
r-devel-linux-x86_64-fedora-clang | 3.2 | 487.24 | OK | |||
r-devel-linux-x86_64-fedora-gcc | 3.2 | 472.18 | OK | |||
r-devel-windows-x86_64 | 3.2 | 51.00 | 371.00 | 422.00 | OK | |
r-patched-linux-x86_64 | 3.2 | 34.40 | 233.67 | 268.07 | OK | |
r-release-linux-x86_64 | 3.2 | 34.67 | 235.54 | 270.21 | OK | |
r-release-macos-arm64 | 3.2 | 214.00 | OK | |||
r-release-macos-x86_64 | 3.2 | 240.00 | OK | |||
r-release-windows-x86_64 | 3.2 | 54.00 | 329.00 | 383.00 | OK | |
r-oldrel-macos-arm64 | 3.2 | 156.00 | OK | |||
r-oldrel-macos-x86_64 | 3.2 | 191.00 | OK | |||
r-oldrel-windows-x86_64 | 3.2 | 34.00 | 263.00 | 297.00 | OK |
Version: 3.2
Check: CRAN incoming feasibility
Result: NOTE
Maintainer: ‘Arto Luoma <arto.luoma@wippies.com>’
No Authors@R field in DESCRIPTION.
Please add one, modifying
Authors@R: person(given = "Arto",
family = "Luoma",
role = c("aut", "cre"),
email = "arto.luoma@wippies.com")
as necessary.
Flavors: r-devel-linux-x86_64-debian-clang, r-devel-linux-x86_64-debian-gcc