Last updated on 2025-04-29 14:53:45 CEST.
Flavor | Version | Tinstall | Tcheck | Ttotal | Status | Flags |
---|---|---|---|---|---|---|
r-devel-linux-x86_64-debian-clang | 0.3.0 | 53.99 | 119.50 | 173.49 | NOTE | |
r-devel-linux-x86_64-debian-gcc | 0.3.0 | 40.83 | 82.73 | 123.56 | NOTE | |
r-devel-linux-x86_64-fedora-clang | 0.3.0 | 264.49 | NOTE | |||
r-devel-linux-x86_64-fedora-gcc | 0.3.0 | 279.82 | NOTE | |||
r-devel-windows-x86_64 | 0.3.0 | 63.00 | 150.00 | 213.00 | NOTE | |
r-patched-linux-x86_64 | 0.3.0 | 59.72 | 113.54 | 173.26 | NOTE | |
r-release-linux-x86_64 | 0.3.0 | 58.08 | 111.12 | 169.20 | NOTE | |
r-release-macos-arm64 | 0.3.0 | 73.00 | NOTE | |||
r-release-macos-x86_64 | 0.3.0 | 144.00 | NOTE | |||
r-release-windows-x86_64 | 0.3.0 | 64.00 | 137.00 | 201.00 | NOTE | |
r-oldrel-macos-arm64 | 0.3.0 | 71.00 | NOTE | |||
r-oldrel-macos-x86_64 | 0.3.0 | 122.00 | NOTE | |||
r-oldrel-windows-x86_64 | 0.3.0 | 75.00 | 184.00 | 259.00 | NOTE |
Version: 0.3.0
Check: C++ specification
Result: NOTE
Specified C++11: please drop specification unless essential
Flavors: r-devel-linux-x86_64-debian-clang, r-devel-linux-x86_64-debian-gcc, r-devel-linux-x86_64-fedora-clang, r-devel-linux-x86_64-fedora-gcc, r-devel-windows-x86_64, r-patched-linux-x86_64, r-release-linux-x86_64, r-release-macos-arm64, r-release-macos-x86_64, r-release-windows-x86_64, r-oldrel-macos-arm64, r-oldrel-macos-x86_64, r-oldrel-windows-x86_64
Version: 0.3.0
Check: package subdirectories
Result: NOTE
Problems with news in ‘NEWS.md’:
No news entries found.
Flavors: r-devel-linux-x86_64-debian-clang, r-devel-linux-x86_64-debian-gcc, r-devel-linux-x86_64-fedora-clang, r-devel-linux-x86_64-fedora-gcc, r-devel-windows-x86_64, r-patched-linux-x86_64, r-release-linux-x86_64, r-release-macos-arm64, r-release-macos-x86_64, r-release-windows-x86_64, r-oldrel-macos-arm64, r-oldrel-macos-x86_64, r-oldrel-windows-x86_64
Version: 0.3.0
Check: examples
Result: NOTE
Examples with CPU (user + system) or elapsed time > 5s
user system elapsed
EM.sclm 5.019 0.008 2.866
Flavor: r-devel-linux-x86_64-debian-gcc
Version: 0.3.0
Check: installed package size
Result: NOTE
installed size is 7.7Mb
sub-directories of 1Mb or more:
libs 7.5Mb
Flavors: r-oldrel-macos-arm64, r-oldrel-macos-x86_64