Last updated on 2025-04-29 14:53:45 CEST.
Flavor | Version | Tinstall | Tcheck | Ttotal | Status | Flags |
---|---|---|---|---|---|---|
r-devel-linux-x86_64-debian-clang | 0.3.13 | 14.31 | 31.39 | 45.70 | NOTE | |
r-devel-linux-x86_64-debian-gcc | 0.3.13 | 10.64 | 25.65 | 36.29 | NOTE | |
r-devel-linux-x86_64-fedora-clang | 0.3.13 | 80.78 | OK | |||
r-devel-linux-x86_64-fedora-gcc | 0.3.13 | 87.81 | OK | |||
r-devel-windows-x86_64 | 0.3.13 | 21.00 | 97.00 | 118.00 | OK | |
r-patched-linux-x86_64 | 0.3.13 | 14.11 | 30.05 | 44.16 | OK | |
r-release-linux-x86_64 | 0.3.13 | 13.51 | 30.00 | 43.51 | OK | |
r-release-macos-arm64 | 0.3.13 | 46.00 | OK | |||
r-release-macos-x86_64 | 0.3.13 | 97.00 | OK | |||
r-release-windows-x86_64 | 0.3.13 | 18.00 | 114.00 | 132.00 | OK | |
r-oldrel-macos-arm64 | 0.3.13 | 53.00 | OK | |||
r-oldrel-macos-x86_64 | 0.3.13 | 66.00 | OK | |||
r-oldrel-windows-x86_64 | 0.3.13 | 22.00 | 132.00 | 154.00 | OK |
Version: 0.3.13
Check: CRAN incoming feasibility
Result: NOTE
Maintainer: ‘Dirk Eddelbuettel <edd@debian.org>’
No Authors@R field in DESCRIPTION.
Please add one, modifying
Authors@R: c(person(given = "Dirk",
family = "Eddelbuettel",
role = c("aut", "cre"),
email = "edd@debian.org"),
person(given = "Romain",
family = "Francois",
role = "aut"))
as necessary.
Flavors: r-devel-linux-x86_64-debian-clang, r-devel-linux-x86_64-debian-gcc