Last updated on 2025-04-29 14:53:45 CEST.
Flavor | Version | Tinstall | Tcheck | Ttotal | Status | Flags |
---|---|---|---|---|---|---|
r-devel-linux-x86_64-debian-clang | 0.6-0 | 30.20 | 108.14 | 138.34 | OK | |
r-devel-linux-x86_64-debian-gcc | 0.6-0 | 21.77 | 90.04 | 111.81 | OK | |
r-devel-linux-x86_64-fedora-clang | 0.6-0 | 226.56 | OK | |||
r-devel-linux-x86_64-fedora-gcc | 0.6-0 | 270.73 | OK | |||
r-devel-windows-x86_64 | 0.6-0 | 37.00 | 192.00 | 229.00 | OK | |
r-patched-linux-x86_64 | 0.6-0 | 33.57 | 119.88 | 153.45 | OK | |
r-release-linux-x86_64 | 0.6-0 | 32.38 | 117.82 | 150.20 | OK | |
r-release-macos-arm64 | 0.6-0 | 66.00 | OK | |||
r-release-macos-x86_64 | 0.6-0 | 146.00 | OK | |||
r-release-windows-x86_64 | 0.6-0 | 37.00 | 196.00 | 233.00 | OK | |
r-oldrel-macos-arm64 | 0.6-0 | 65.00 | NOTE | |||
r-oldrel-macos-x86_64 | 0.6-0 | 111.00 | NOTE | |||
r-oldrel-windows-x86_64 | 0.6-0 | 41.00 | 202.00 | 243.00 | OK |
Version: 0.6-0
Check: installed package size
Result: NOTE
installed size is 6.6Mb
sub-directories of 1Mb or more:
libs 6.0Mb
Flavors: r-oldrel-macos-arm64, r-oldrel-macos-x86_64