CRAN Package Check Results for Package RcppProgress

Last updated on 2025-04-29 14:53:45 CEST.

Flavor Version Tinstall Tcheck Ttotal Status Flags
r-devel-linux-x86_64-debian-clang 0.4.2 1.27 106.65 107.92 NOTE
r-devel-linux-x86_64-debian-gcc 0.4.2 0.97 74.65 75.62 NOTE
r-devel-linux-x86_64-fedora-clang 0.4.2 183.97 OK
r-devel-linux-x86_64-fedora-gcc 0.4.2 164.63 OK
r-devel-windows-x86_64 0.4.2 2.00 142.00 144.00 OK
r-patched-linux-x86_64 0.4.2 1.11 100.66 101.77 OK
r-release-linux-x86_64 0.4.2 1.27 100.25 101.52 OK
r-release-macos-arm64 0.4.2 84.00 OK
r-release-macos-x86_64 0.4.2 127.00 OK
r-release-windows-x86_64 0.4.2 5.00 145.00 150.00 OK
r-oldrel-macos-arm64 0.4.2 81.00 OK
r-oldrel-macos-x86_64 0.4.2 95.00 OK
r-oldrel-windows-x86_64 0.4.2 3.00 141.00 144.00 OK

Check Details

Version: 0.4.2
Check: CRAN incoming feasibility
Result: NOTE Maintainer: ‘Karl Forner <karl.forner@gmail.com>’ No Authors@R field in DESCRIPTION. Please add one, modifying Authors@R: person(given = "Karl", family = "Forner", role = c("aut", "cre"), email = "karl.forner@gmail.com") as necessary. Flavors: r-devel-linux-x86_64-debian-clang, r-devel-linux-x86_64-debian-gcc